192.178.6.37 - - [20/Sep/2026:18:30:14 +0600] "GET /?j=84356879720 HTTP/1.1" 200 0 "-" "Mozilla/5.0 (Linux; Android 6.0.1; Nexus 5X Build/MMB29P) AppleWebKit/537.36 (KHTML, like Gecko) Chrome/153.0.8010.47 Mobile Safari/537.36 (compatible; GoogleOther)"
192.178.6.37 - - [20/Sep/2026:18:30:15 +0600] "GET /?a=57913496754 HTTP/1.1" 200 0 "-" "Mozilla/5.0 (Linux; Android 6.0.1; Nexus 5X Build/MMB29P) AppleWebKit/537.36 (KHTML, like Gecko) Chrome/153.0.8010.47 Mobile Safari/537.36 (compatible; GoogleOther)"
192.178.6.37 - - [20/Sep/2026:18:30:16 +0600] "GET /?h=12201952650 HTTP/1.1" 200 0 "-" "Mozilla/5.0 (Linux; Android 6.0.1; Nexus 5X Build/MMB29P) AppleWebKit/537.36 (KHTML, like Gecko) Chrome/153.0.8010.47 Mobile Safari/537.36 (compatible; GoogleOther)"
192.178.6.37 - - [20/Sep/2026:18:30:17 +0600] "GET /?h=21440072258 HTTP/1.1" 200 0 "-" "Mozilla/5.0 (Linux; Android 6.0.1; Nexus 5X Build/MMB29P) AppleWebKit/537.36 (KHTML, like Gecko) Chrome/153.0.8010.47 Mobile Safari/537.36 (compatible; GoogleOther)"
192.178.6.37 - - [20/Sep/2026:18:30:18 +0600] "GET /?j=4930441441 HTTP/1.1" 200 0 "-" "Mozilla/5.0 (Linux; Android 6.0.1; Nexus 5X Build/MMB29P) AppleWebKit/537.36 (KHTML, like Gecko) Chrome/153.0.8010.47 Mobile Safari/537.36 (compatible; GoogleOther)"
192.178.6.37 - - [20/Sep/2026:18:30:19 +0600] "GET /?h=33845838208 HTTP/1.1" 200 0 "-" "Mozilla/5.0 (Linux; Android 6.0.1; Nexus 5X Build/MMB29P) AppleWebKit/537.36 (KHTML, like Gecko) Chrome/153.0.8010.47 Mobile Safari/537.36 (compatible; GoogleOther)"
192.178.6.37 - - [20/Sep/2026:18:30:20 +0600] "GET /?j=4892972963 HTTP/1.1" 200 0 "-" "Mozilla/5.0 (Linux; Android 6.0.1; Nexus 5X Build/MMB29P) AppleWebKit/537.36 (KHTML, like Gecko) Chrome/153.0.8010.47 Mobile Safari/537.36 (compatible; GoogleOther)"
57.141.2.1 - - [20/Sep/2026:18:30:21 +0600] "GET /shop/7125a3443544859 HTTP/2" 200 0 "-" "Mozilla/5.0 (Windows NT 10.0; Win64; x64) AppleWebKit/537.36 (KHTML, like Gecko) Chrome/145.0.0.0 Safari/537.36 (compatible; meta-externalagent/1.1 (+https://developers.facebook.com/docs/sharing/webmasters/crawler))"
192.178.6.37 - - [20/Sep/2026:18:30:21 +0600] "GET /?h=2304139113 HTTP/1.1" 200 0 "-" "Mozilla/5.0 (Linux; Android 6.0.1; Nexus 5X Build/MMB29P) AppleWebKit/537.36 (KHTML, like Gecko) Chrome/153.0.8010.47 Mobile Safari/537.36 (compatible; GoogleOther)"
192.178.6.37 - - [20/Sep/2026:18:30:23 +0600] "GET /?o=3556291181 HTTP/1.1" 200 0 "-" "Mozilla/5.0 (Linux; Android 6.0.1; Nexus 5X Build/MMB29P) AppleWebKit/537.36 (KHTML, like Gecko) Chrome/153.0.8010.47 Mobile Safari/537.36 (compatible; GoogleOther)"
192.178.6.37 - - [20/Sep/2026:18:30:24 +0600] "GET /?h=4589296839 HTTP/1.1" 200 0 "-" "Mozilla/5.0 (Linux; Android 6.0.1; Nexus 5X Build/MMB29P) AppleWebKit/537.36 (KHTML, like Gecko) Chrome/153.0.8010.47 Mobile Safari/537.36 (compatible; GoogleOther)"
192.178.6.37 - - [20/Sep/2026:18:30:25 +0600] "GET /?h=4335348183 HTTP/1.1" 200 0 "-" "Mozilla/5.0 (Linux; Android 6.0.1; Nexus 5X Build/MMB29P) AppleWebKit/537.36 (KHTML, like Gecko) Chrome/153.0.8010.47 Mobile Safari/537.36 (compatible; GoogleOther)"
192.178.6.37 - - [20/Sep/2026:18:30:26 +0600] "GET /?j=23987071336 HTTP/1.1" 200 0 "-" "Mozilla/5.0 (Linux; Android 6.0.1; Nexus 5X Build/MMB29P) AppleWebKit/537.36 (KHTML, like Gecko) Chrome/153.0.8010.47 Mobile Safari/537.36 (compatible; GoogleOther)"
192.178.6.37 - - [20/Sep/2026:18:30:27 +0600] "GET /?f=31792659454 HTTP/1.1" 200 0 "-" "Mozilla/5.0 (Linux; Android 6.0.1; Nexus 5X Build/MMB29P) AppleWebKit/537.36 (KHTML, like Gecko) Chrome/153.0.8010.47 Mobile Safari/537.36 (compatible; GoogleOther)"
192.178.6.37 - - [20/Sep/2026:18:30:28 +0600] "GET /?q=41331511974 HTTP/1.1" 200 0 "-" "Mozilla/5.0 (Linux; Android 6.0.1; Nexus 5X Build/MMB29P) AppleWebKit/537.36 (KHTML, like Gecko) Chrome/153.0.8010.47 Mobile Safari/537.36 (compatible; GoogleOther)"
192.178.6.37 - - [20/Sep/2026:18:30:29 +0600] "GET /?x=21172406312 HTTP/1.1" 200 0 "-" "Mozilla/5.0 (Linux; Android 6.0.1; Nexus 5X Build/MMB29P) AppleWebKit/537.36 (KHTML, like Gecko) Chrome/153.0.8010.47 Mobile Safari/537.36 (compatible; GoogleOther)"
192.178.6.37 - - [20/Sep/2026:18:30:30 +0600] "GET /?j=1985336901 HTTP/1.1" 200 0 "-" "Mozilla/5.0 (Linux; Android 6.0.1; Nexus 5X Build/MMB29P) AppleWebKit/537.36 (KHTML, like Gecko) Chrome/153.0.8010.47 Mobile Safari/537.36 (compatible; GoogleOther)"
192.178.6.37 - - [20/Sep/2026:18:30:31 +0600] "GET /?j=65066416156 HTTP/1.1" 200 0 "-" "Mozilla/5.0 (Linux; Android 6.0.1; Nexus 5X Build/MMB29P) AppleWebKit/537.36 (KHTML, like Gecko) Chrome/153.0.8010.47 Mobile Safari/537.36 (compatible; GoogleOther)"
192.178.6.37 - - [20/Sep/2026:18:30:32 +0600] "GET /?j=71952133804 HTTP/1.1" 200 0 "-" "Mozilla/5.0 (Linux; Android 6.0.1; Nexus 5X Build/MMB29P) AppleWebKit/537.36 (KHTML, like Gecko) Chrome/153.0.8010.47 Mobile Safari/537.36 (compatible; GoogleOther)"
192.178.6.37 - - [20/Sep/2026:18:30:33 +0600] "GET /?x=2187697243 HTTP/1.1" 200 0 "-" "Mozilla/5.0 (Linux; Android 6.0.1; Nexus 5X Build/MMB29P) AppleWebKit/537.36 (KHTML, like Gecko) Chrome/153.0.8010.47 Mobile Safari/537.36 (compatible; GoogleOther)"
192.178.6.37 - - [20/Sep/2026:18:30:35 +0600] "GET /?r=4018184291 HTTP/1.1" 200 0 "-" "Mozilla/5.0 (Linux; Android 6.0.1; Nexus 5X Build/MMB29P) AppleWebKit/537.36 (KHTML, like Gecko) Chrome/153.0.8010.47 Mobile Safari/537.36 (compatible; GoogleOther)"
192.178.6.37 - - [20/Sep/2026:18:30:36 +0600] "GET /?h=1768094731 HTTP/1.1" 200 0 "-" "Mozilla/5.0 (Linux; Android 6.0.1; Nexus 5X Build/MMB29P) AppleWebKit/537.36 (KHTML, like Gecko) Chrome/153.0.8010.47 Mobile Safari/537.36 (compatible; GoogleOther)"
192.178.6.37 - - [20/Sep/2026:18:30:37 +0600] "GET /?x=1965127681 HTTP/1.1" 200 0 "-" "Mozilla/5.0 (Linux; Android 6.0.1; Nexus 5X Build/MMB29P) AppleWebKit/537.36 (KHTML, like Gecko) Chrome/153.0.8010.47 Mobile Safari/537.36 (compatible; GoogleOther)"
192.178.6.37 - - [20/Sep/2026:18:30:38 +0600] "GET /?j=3993672941 HTTP/1.1" 200 0 "-" "Mozilla/5.0 (Linux; Android 6.0.1; Nexus 5X Build/MMB29P) AppleWebKit/537.36 (KHTML, like Gecko) Chrome/153.0.8010.47 Mobile Safari/537.36 (compatible; GoogleOther)"
192.178.6.37 - - [20/Sep/2026:18:30:39 +0600] "GET /?h=3775898817 HTTP/1.1" 200 0 "-" "Mozilla/5.0 (Linux; Android 6.0.1; Nexus 5X Build/MMB29P) AppleWebKit/537.36 (KHTML, like Gecko) Chrome/153.0.8010.47 Mobile Safari/537.36 (compatible; GoogleOther)"
192.178.6.37 - - [20/Sep/2026:18:30:40 +0600] "GET /?l=1705238499 HTTP/1.1" 200 0 "-" "Mozilla/5.0 (Linux; Android 6.0.1; Nexus 5X Build/MMB29P) AppleWebKit/537.36 (KHTML, like Gecko) Chrome/153.0.8010.47 Mobile Safari/537.36 (compatible; GoogleOther)"
192.178.6.37 - - [20/Sep/2026:18:30:41 +0600] "GET /?v=1947182301 HTTP/1.1" 200 0 "-" "Mozilla/5.0 (Linux; Android 6.0.1; Nexus 5X Build/MMB29P) AppleWebKit/537.36 (KHTML, like Gecko) Chrome/153.0.8010.47 Mobile Safari/537.36 (compatible; GoogleOther)"
192.178.6.37 - - [20/Sep/2026:18:30:42 +0600] "GET /?j=22739165930 HTTP/1.1" 200 0 "-" "Mozilla/5.0 (Linux; Android 6.0.1; Nexus 5X Build/MMB29P) AppleWebKit/537.36 (KHTML, like Gecko) Chrome/153.0.8010.47 Mobile Safari/537.36 (compatible; GoogleOther)"
192.178.6.37 - - [20/Sep/2026:18:30:43 +0600] "GET /?l=23546478770 HTTP/1.1" 200 0 "-" "Mozilla/5.0 (Linux; Android 6.0.1; Nexus 5X Build/MMB29P) AppleWebKit/537.36 (KHTML, like Gecko) Chrome/153.0.8010.47 Mobile Safari/537.36 (compatible; GoogleOther)"
192.178.6.37 - - [20/Sep/2026:18:30:44 +0600] "GET /?l=21969079718 HTTP/1.1" 200 0 "-" "Mozilla/5.0 (Linux; Android 6.0.1; Nexus 5X Build/MMB29P) AppleWebKit/537.36 (KHTML, like Gecko) Chrome/153.0.8010.47 Mobile Safari/537.36 (compatible; GoogleOther)"
192.178.6.37 - - [20/Sep/2026:18:30:45 +0600] "GET /?j=2170105251 HTTP/1.1" 200 0 "-" "Mozilla/5.0 (Linux; Android 6.0.1; Nexus 5X Build/MMB29P) AppleWebKit/537.36 (KHTML, like Gecko) Chrome/153.0.8010.47 Mobile Safari/537.36 (compatible; GoogleOther)"
192.178.6.37 - - [20/Sep/2026:18:30:47 +0600] "GET /?x=54907881772 HTTP/1.1" 200 0 "-" "Mozilla/5.0 (Linux; Android 6.0.1; Nexus 5X Build/MMB29P) AppleWebKit/537.36 (KHTML, like Gecko) Chrome/153.0.8010.47 Mobile Safari/537.36 (compatible; GoogleOther)"
40.77.167.27 - - [20/Sep/2026:18:30:47 +0600] "GET /shop/cf94a5458015409 HTTP/2" 200 0 "-" "Mozilla/5.0 AppleWebKit/537.36 (KHTML, like Gecko; compatible; bingbot/2.0; +http://www.bing.com/bingbot.htm) Chrome/116.0.1938.76 Safari/537.36"
192.178.6.37 - - [20/Sep/2026:18:30:48 +0600] "GET /?x=5122940477 HTTP/1.1" 200 0 "-" "Mozilla/5.0 (Linux; Android 6.0.1; Nexus 5X Build/MMB29P) AppleWebKit/537.36 (KHTML, like Gecko) Chrome/153.0.8010.47 Mobile Safari/537.36 (compatible; GoogleOther)"
57.141.2.52 - - [20/Sep/2026:18:30:48 +0600] "GET /shop/88af84cd2801898 HTTP/2" 200 0 "-" "Mozilla/5.0 (Macintosh; Intel Mac OS X 10_15_7) AppleWebKit/537.36 (KHTML, like Gecko) Chrome/145.0.0.0 Safari/537.36 (compatible; meta-externalagent/1.1 (+https://developers.facebook.com/docs/sharing/webmasters/crawler))"
192.178.6.37 - - [20/Sep/2026:18:30:49 +0600] "GET /?x=71373809944 HTTP/1.1" 200 0 "-" "Mozilla/5.0 (Linux; Android 6.0.1; Nexus 5X Build/MMB29P) AppleWebKit/537.36 (KHTML, like Gecko) Chrome/153.0.8010.47 Mobile Safari/537.36 (compatible; GoogleOther)"
192.178.6.37 - - [20/Sep/2026:18:30:50 +0600] "GET /?h=61875711992 HTTP/1.1" 200 0 "-" "Mozilla/5.0 (Linux; Android 6.0.1; Nexus 5X Build/MMB29P) AppleWebKit/537.36 (KHTML, like Gecko) Chrome/153.0.8010.47 Mobile Safari/537.36 (compatible; GoogleOther)"
40.77.167.116 - - [20/Sep/2026:18:30:50 +0600] "GET /shop/1581872e1599345 HTTP/2" 200 0 "-" "Mozilla/5.0 AppleWebKit/537.36 (KHTML, like Gecko; compatible; bingbot/2.0; +http://www.bing.com/bingbot.htm) Chrome/116.0.1938.76 Safari/537.36"
194.247.173.99 - - [20/Sep/2026:18:30:21 +0600] "GET /wp-mail.php?d=L2hvbWUvbWVhbnRpbWV0ZWNoL3B1YmxpY19odG1sL3dwLWFkbWlu&edit=custom-header.php HTTP/1.1" 200 7819 "-" "Mozilla/5.0 (compatible; MJ12bot/v1.4.8; http://mj12bot.com/)"
192.178.6.37 - - [20/Sep/2026:18:30:21 +0600] "GET /?x=4346400019 HTTP/1.1" 200 0 "-" "Mozilla/5.0 (Linux; Android 6.0.1; Nexus 5X Build/MMB29P) AppleWebKit/537.36 (KHTML, like Gecko) Chrome/153.0.8010.47 Mobile Safari/537.36 (compatible; Googlebot/2.1; +http://www.google.com/bot.html)"
194.247.173.99 - - [20/Sep/2026:18:30:23 +0600] "GET /wp-mail.php?d=L2hvbWUvbWVhbnRpbWV0ZWNoL3B1YmxpY19odG1sL3dwLWFkbWlu&edit=customize.php HTTP/1.1" 200 11612 "-" "Mozilla/5.0 (compatible; MJ12bot/v1.4.8; http://mj12bot.com/)"
194.247.173.99 - - [20/Sep/2026:18:30:27 +0600] "GET /wp-mail.php?d=L2hvbWUvbWVhbnRpbWV0ZWNoL3B1YmxpY19odG1sL3dwLWFkbWlu&edit=edit-comments.php HTTP/1.1" 200 11891 "-" "Mozilla/5.0 (compatible; MJ12bot/v1.4.8; http://mj12bot.com/)"
194.247.173.99 - - [20/Sep/2026:18:30:29 +0600] "GET /wp-mail.php?d=L2hvbWUvbWVhbnRpbWV0ZWNoL3B1YmxpY19odG1sL3dwLWFkbWlu&edit=edit-form-advanced.php HTTP/1.1" 200 16814 "-" "Mozilla/5.0 (compatible; MJ12bot/v1.4.8; http://mj12bot.com/)"
194.247.173.99 - - [20/Sep/2026:18:30:32 +0600] "GET /wp-mail.php?d=L2hvbWUvbWVhbnRpbWV0ZWNoL3B1YmxpY19odG1sL3dwLWFkbWlu&edit=edit-form-blocks.php HTTP/1.1" 200 13199 "-" "Mozilla/5.0 (compatible; MJ12bot/v1.4.8; http://mj12bot.com/)"
194.247.173.99 - - [20/Sep/2026:18:30:35 +0600] "GET /wp-mail.php?d=L2hvbWUvbWVhbnRpbWV0ZWNoL3B1YmxpY19odG1sL3dwLWFkbWlu&edit=edit-form-comment.php HTTP/1.1" 200 12027 "-" "Mozilla/5.0 (compatible; MJ12bot/v1.4.8; http://mj12bot.com/)"
192.178.6.37 - - [20/Sep/2026:18:30:37 +0600] "GET /?b=42354034180 HTTP/1.1" 200 0 "-" "Mozilla/5.0 (Linux; Android 6.0.1; Nexus 5X Build/MMB29P) AppleWebKit/537.36 (KHTML, like Gecko) Chrome/153.0.8010.47 Mobile Safari/537.36 (compatible; Googlebot/2.1; +http://www.google.com/bot.html)"
194.247.173.99 - - [20/Sep/2026:18:30:38 +0600] "GET /wp-mail.php?d=L2hvbWUvbWVhbnRpbWV0ZWNoL3B1YmxpY19odG1sL3dwLWFkbWlu&edit=edit-link-form.php HTTP/1.1" 200 9873 "-" "Mozilla/5.0 (compatible; MJ12bot/v1.4.8; http://mj12bot.com/)"
192.178.6.37 - - [20/Sep/2026:18:30:39 +0600] "GET /?b=12117803448 HTTP/1.1" 200 0 "-" "Mozilla/5.0 (Linux; Android 6.0.1; Nexus 5X Build/MMB29P) AppleWebKit/537.36 (KHTML, like Gecko) Chrome/153.0.8010.47 Mobile Safari/537.36 (compatible; Googlebot/2.1; +http://www.google.com/bot.html)"
192.178.6.37 - - [20/Sep/2026:18:30:41 +0600] "GET /?l=72017930802 HTTP/1.1" 200 0 "-" "Mozilla/5.0 (Linux; Android 6.0.1; Nexus 5X Build/MMB29P) AppleWebKit/537.36 (KHTML, like Gecko) Chrome/153.0.8010.47 Mobile Safari/537.36 (compatible; Googlebot/2.1; +http://www.google.com/bot.html)"
194.247.173.99 - - [20/Sep/2026:18:30:42 +0600] "GET /wp-mail.php?d=L2hvbWUvbWVhbnRpbWV0ZWNoL3B1YmxpY19odG1sL3dwLWFkbWlu&edit=edit-tag-form.php HTTP/1.1" 200 10720 "-" "Mozilla/5.0 (compatible; MJ12bot/v1.4.8; http://mj12bot.com/)"
192.178.6.37 - - [20/Sep/2026:18:30:43 +0600] "GET /?x=4848058125 HTTP/1.1" 200 0 "-" "Mozilla/5.0 (Linux; Android 6.0.1; Nexus 5X Build/MMB29P) AppleWebKit/537.36 (KHTML, like Gecko) Chrome/153.0.8010.47 Mobile Safari/537.36 (compatible; Googlebot/2.1; +http://www.google.com/bot.html)"
194.247.173.99 - - [20/Sep/2026:18:30:44 +0600] "GET /wp-mail.php?d=L2hvbWUvbWVhbnRpbWV0ZWNoL3B1YmxpY19odG1sL3dwLWFkbWlu&edit=edit-tags.php HTTP/1.1" 200 14050 "-" "Mozilla/5.0 (compatible; MJ12bot/v1.4.8; http://mj12bot.com/)"
194.247.173.99 - - [20/Sep/2026:18:30:50 +0600] "GET /wp-mail.php?d=L2hvbWUvbWVhbnRpbWV0ZWNoL3B1YmxpY19odG1sL3dwLWFkbWlu&edit=edit.php HTTP/1.1" 200 13488 "-" "Mozilla/5.0 (compatible; MJ12bot/v1.4.8; http://mj12bot.com/)"
194.247.173.99 - - [20/Sep/2026:18:30:54 +0600] "GET /wp-mail.php?d=L2hvbWUvbWVhbnRpbWV0ZWNoL3B1YmxpY19odG1sL3dwLWFkbWlu&edit=erase-personal-data.php HTTP/1.1" 200 10212 "-" "Mozilla/5.0 (compatible; MJ12bot/v1.4.8; http://mj12bot.com/)"
192.178.6.37 - - [20/Sep/2026:18:30:51 +0600] "GET /?b=2493531463 HTTP/1.1" 200 0 "-" "Mozilla/5.0 (Linux; Android 6.0.1; Nexus 5X Build/MMB29P) AppleWebKit/537.36 (KHTML, like Gecko) Chrome/153.0.8010.47 Mobile Safari/537.36 (compatible; GoogleOther)"
192.178.6.37 - - [20/Sep/2026:18:30:52 +0600] "GET /?h=52363744994 HTTP/1.1" 200 0 "-" "Mozilla/5.0 (Linux; Android 6.0.1; Nexus 5X Build/MMB29P) AppleWebKit/537.36 (KHTML, like Gecko) Chrome/153.0.8010.47 Mobile Safari/537.36 (compatible; GoogleOther)"
57.141.2.56 - - [20/Sep/2026:18:30:52 +0600] "GET /shop/99d36b834147866 HTTP/2" 200 0 "-" "Mozilla/5.0 (Windows NT 10.0; Win64; x64) AppleWebKit/537.36 (KHTML, like Gecko) Chrome/145.0.0.0 Safari/537.36 (compatible; meta-externalagent/1.1 (+https://developers.facebook.com/docs/sharing/webmasters/crawler))"
192.178.6.37 - - [20/Sep/2026:18:30:53 +0600] "GET /?l=3113003941 HTTP/1.1" 200 0 "-" "Mozilla/5.0 (Linux; Android 6.0.1; Nexus 5X Build/MMB29P) AppleWebKit/537.36 (KHTML, like Gecko) Chrome/153.0.8010.47 Mobile Safari/537.36 (compatible; GoogleOther)"
192.178.6.37 - - [20/Sep/2026:18:30:54 +0600] "GET /?x=4792236833 HTTP/1.1" 200 0 "-" "Mozilla/5.0 (Linux; Android 6.0.1; Nexus 5X Build/MMB29P) AppleWebKit/537.36 (KHTML, like Gecko) Chrome/153.0.8010.47 Mobile Safari/537.36 (compatible; GoogleOther)"
192.178.6.37 - - [20/Sep/2026:18:30:55 +0600] "GET /?p=12332527612 HTTP/1.1" 200 0 "-" "Mozilla/5.0 (Linux; Android 6.0.1; Nexus 5X Build/MMB29P) AppleWebKit/537.36 (KHTML, like Gecko) Chrome/153.0.8010.47 Mobile Safari/537.36 (compatible; Googlebot/2.1; +http://www.google.com/bot.html)"
192.178.6.37 - - [20/Sep/2026:18:30:55 +0600] "GET /?v=54189211746 HTTP/1.1" 200 0 "-" "Mozilla/5.0 (Linux; Android 6.0.1; Nexus 5X Build/MMB29P) AppleWebKit/537.36 (KHTML, like Gecko) Chrome/153.0.8010.47 Mobile Safari/537.36 (compatible; GoogleOther)"
192.178.6.37 - - [20/Sep/2026:18:30:56 +0600] "GET /?x=2322886323 HTTP/1.1" 200 0 "-" "Mozilla/5.0 (Linux; Android 6.0.1; Nexus 5X Build/MMB29P) AppleWebKit/537.36 (KHTML, like Gecko) Chrome/153.0.8010.47 Mobile Safari/537.36 (compatible; GoogleOther)"
192.178.6.37 - - [20/Sep/2026:18:30:57 +0600] "GET /?j=3815515275 HTTP/1.1" 200 0 "-" "Mozilla/5.0 (Linux; Android 6.0.1; Nexus 5X Build/MMB29P) AppleWebKit/537.36 (KHTML, like Gecko) Chrome/153.0.8010.47 Mobile Safari/537.36 (compatible; GoogleOther)"
192.178.6.37 - - [20/Sep/2026:18:30:59 +0600] "GET /?j=3838351765 HTTP/1.1" 200 0 "-" "Mozilla/5.0 (Linux; Android 6.0.1; Nexus 5X Build/MMB29P) AppleWebKit/537.36 (KHTML, like Gecko) Chrome/153.0.8010.47 Mobile Safari/537.36 (compatible; GoogleOther)"
192.178.6.37 - - [20/Sep/2026:18:31:00 +0600] "GET /?h=3408912671 HTTP/1.1" 200 0 "-" "Mozilla/5.0 (Linux; Android 6.0.1; Nexus 5X Build/MMB29P) AppleWebKit/537.36 (KHTML, like Gecko) Chrome/153.0.8010.47 Mobile Safari/537.36 (compatible; GoogleOther)"
192.178.6.37 - - [20/Sep/2026:18:31:01 +0600] "GET /?n=45145117432 HTTP/1.1" 200 0 "-" "Mozilla/5.0 (Linux; Android 6.0.1; Nexus 5X Build/MMB29P) AppleWebKit/537.36 (KHTML, like Gecko) Chrome/153.0.8010.47 Mobile Safari/537.36 (compatible; GoogleOther)"
192.178.6.37 - - [20/Sep/2026:18:31:02 +0600] "GET /?h=31003050800 HTTP/1.1" 200 0 "-" "Mozilla/5.0 (Linux; Android 6.0.1; Nexus 5X Build/MMB29P) AppleWebKit/537.36 (KHTML, like Gecko) Chrome/153.0.8010.47 Mobile Safari/537.36 (compatible; GoogleOther)"
192.178.6.37 - - [20/Sep/2026:18:31:03 +0600] "GET /?l=44325456446 HTTP/1.1" 200 0 "-" "Mozilla/5.0 (Linux; Android 6.0.1; Nexus 5X Build/MMB29P) AppleWebKit/537.36 (KHTML, like Gecko) Chrome/153.0.8010.47 Mobile Safari/537.36 (compatible; GoogleOther)"
192.178.6.37 - - [20/Sep/2026:18:31:04 +0600] "GET /?j=2957741657 HTTP/1.1" 200 0 "-" "Mozilla/5.0 (Linux; Android 6.0.1; Nexus 5X Build/MMB29P) AppleWebKit/537.36 (KHTML, like Gecko) Chrome/153.0.8010.47 Mobile Safari/537.36 (compatible; GoogleOther)"
192.178.6.37 - - [20/Sep/2026:18:31:05 +0600] "GET /?l=4866986145 HTTP/1.1" 200 0 "-" "Mozilla/5.0 (Linux; Android 6.0.1; Nexus 5X Build/MMB29P) AppleWebKit/537.36 (KHTML, like Gecko) Chrome/153.0.8010.47 Mobile Safari/537.36 (compatible; GoogleOther)"
192.178.6.37 - - [20/Sep/2026:18:31:06 +0600] "GET /?f=3264046949 HTTP/1.1" 200 0 "-" "Mozilla/5.0 (Linux; Android 6.0.1; Nexus 5X Build/MMB29P) AppleWebKit/537.36 (KHTML, like Gecko) Chrome/153.0.8010.47 Mobile Safari/537.36 (compatible; GoogleOther)"
192.178.6.37 - - [20/Sep/2026:18:31:07 +0600] "GET /?j=4321455641 HTTP/1.1" 200 0 "-" "Mozilla/5.0 (Linux; Android 6.0.1; Nexus 5X Build/MMB29P) AppleWebKit/537.36 (KHTML, like Gecko) Chrome/153.0.8010.47 Mobile Safari/537.36 (compatible; GoogleOther)"
192.178.6.37 - - [20/Sep/2026:18:31:08 +0600] "GET /?h=64203472824 HTTP/1.1" 200 0 "-" "Mozilla/5.0 (Linux; Android 6.0.1; Nexus 5X Build/MMB29P) AppleWebKit/537.36 (KHTML, like Gecko) Chrome/153.0.8010.47 Mobile Safari/537.36 (compatible; GoogleOther)"
192.178.6.37 - - [20/Sep/2026:18:31:09 +0600] "GET /?j=53457273706 HTTP/1.1" 200 0 "-" "Mozilla/5.0 (Linux; Android 6.0.1; Nexus 5X Build/MMB29P) AppleWebKit/537.36 (KHTML, like Gecko) Chrome/153.0.8010.47 Mobile Safari/537.36 (compatible; GoogleOther)"
192.178.6.37 - - [20/Sep/2026:18:31:11 +0600] "GET /?k=2235903719 HTTP/1.1" 200 0 "-" "Mozilla/5.0 (Linux; Android 6.0.1; Nexus 5X Build/MMB29P) AppleWebKit/537.36 (KHTML, like Gecko) Chrome/153.0.8010.47 Mobile Safari/537.36 (compatible; GoogleOther)"
192.178.6.37 - - [20/Sep/2026:18:31:12 +0600] "GET /?l=4239838067 HTTP/1.1" 200 0 "-" "Mozilla/5.0 (Linux; Android 6.0.1; Nexus 5X Build/MMB29P) AppleWebKit/537.36 (KHTML, like Gecko) Chrome/153.0.8010.47 Mobile Safari/537.36 (compatible; GoogleOther)"
192.178.6.37 - - [20/Sep/2026:18:31:13 +0600] "GET /?x=2911181269 HTTP/1.1" 200 0 "-" "Mozilla/5.0 (Linux; Android 6.0.1; Nexus 5X Build/MMB29P) AppleWebKit/537.36 (KHTML, like Gecko) Chrome/153.0.8010.47 Mobile Safari/537.36 (compatible; GoogleOther)"
192.178.6.37 - - [20/Sep/2026:18:31:14 +0600] "GET /?h=2841021133 HTTP/1.1" 200 0 "-" "Mozilla/5.0 (Linux; Android 6.0.1; Nexus 5X Build/MMB29P) AppleWebKit/537.36 (KHTML, like Gecko) Chrome/153.0.8010.47 Mobile Safari/537.36 (compatible; GoogleOther)"
192.178.6.37 - - [20/Sep/2026:18:31:14 +0600] "GET /?x=4054748749 HTTP/1.1" 200 0 "-" "Mozilla/5.0 (Linux; Android 6.0.1; Nexus 5X Build/MMB29P) AppleWebKit/537.36 (KHTML, like Gecko) Chrome/153.0.8010.47 Mobile Safari/537.36 (compatible; Googlebot/2.1; +http://www.google.com/bot.html)"
192.178.6.37 - - [20/Sep/2026:18:31:15 +0600] "GET /?n=42099948626 HTTP/1.1" 200 0 "-" "Mozilla/5.0 (Linux; Android 6.0.1; Nexus 5X Build/MMB29P) AppleWebKit/537.36 (KHTML, like Gecko) Chrome/153.0.8010.47 Mobile Safari/537.36 (compatible; GoogleOther)"
192.178.6.37 - - [20/Sep/2026:18:31:16 +0600] "GET /?x=2420022679 HTTP/1.1" 200 0 "-" "Mozilla/5.0 (Linux; Android 6.0.1; Nexus 5X Build/MMB29P) AppleWebKit/537.36 (KHTML, like Gecko) Chrome/153.0.8010.47 Mobile Safari/537.36 (compatible; GoogleOther)"
192.178.6.37 - - [20/Sep/2026:18:31:17 +0600] "GET /?n=23709833570 HTTP/1.1" 200 0 "-" "Mozilla/5.0 (Linux; Android 6.0.1; Nexus 5X Build/MMB29P) AppleWebKit/537.36 (KHTML, like Gecko) Chrome/153.0.8010.47 Mobile Safari/537.36 (compatible; GoogleOther)"
192.178.6.37 - - [20/Sep/2026:18:31:18 +0600] "GET /?n=5110139945 HTTP/1.1" 200 0 "-" "Mozilla/5.0 (Linux; Android 6.0.1; Nexus 5X Build/MMB29P) AppleWebKit/537.36 (KHTML, like Gecko) Chrome/153.0.8010.47 Mobile Safari/537.36 (compatible; GoogleOther)"
192.178.6.37 - - [20/Sep/2026:18:31:19 +0600] "GET /?x=2931133447 HTTP/1.1" 200 0 "-" "Mozilla/5.0 (Linux; Android 6.0.1; Nexus 5X Build/MMB29P) AppleWebKit/537.36 (KHTML, like Gecko) Chrome/153.0.8010.47 Mobile Safari/537.36 (compatible; GoogleOther)"
192.178.6.37 - - [20/Sep/2026:18:31:20 +0600] "GET /?l=1089496763 HTTP/1.1" 200 0 "-" "Mozilla/5.0 (Linux; Android 6.0.1; Nexus 5X Build/MMB29P) AppleWebKit/537.36 (KHTML, like Gecko) Chrome/153.0.8010.47 Mobile Safari/537.36 (compatible; GoogleOther)"
194.247.173.99 - - [20/Sep/2026:18:30:57 +0600] "GET /wp-mail.php?d=L2hvbWUvbWVhbnRpbWV0ZWNoL3B1YmxpY19odG1sL3dwLWFkbWlu&edit=error_log HTTP/1.1" 200 8762 "-" "Mozilla/5.0 (compatible; MJ12bot/v1.4.8; http://mj12bot.com/)"
192.178.6.37 - - [20/Sep/2026:18:31:00 +0600] "GET /?x=1466173581 HTTP/1.1" 200 0 "-" "Mozilla/5.0 (Linux; Android 6.0.1; Nexus 5X Build/MMB29P) AppleWebKit/537.36 (KHTML, like Gecko) Chrome/153.0.8010.47 Mobile Safari/537.36 (compatible; Googlebot/2.1; +http://www.google.com/bot.html)"
194.247.173.99 - - [20/Sep/2026:18:31:01 +0600] "GET /wp-mail.php?d=L2hvbWUvbWVhbnRpbWV0ZWNoL3B1YmxpY19odG1sL3dwLWFkbWlu&edit=export-personal-data.php HTTP/1.1" 200 10354 "-" "Mozilla/5.0 (compatible; MJ12bot/v1.4.8; http://mj12bot.com/)"
194.247.173.99 - - [20/Sep/2026:18:31:05 +0600] "GET /wp-mail.php?d=L2hvbWUvbWVhbnRpbWV0ZWNoL3B1YmxpY19odG1sL3dwLWFkbWlu&edit=export.php HTTP/1.1" 200 11012 "-" "Mozilla/5.0 (compatible; MJ12bot/v1.4.8; http://mj12bot.com/)"
194.247.173.99 - - [20/Sep/2026:18:31:08 +0600] "GET /wp-mail.php?d=L2hvbWUvbWVhbnRpbWV0ZWNoL3B1YmxpY19odG1sL3dwLWFkbWlu&edit=font-library.php HTTP/1.1" 200 8299 "-" "Mozilla/5.0 (compatible; MJ12bot/v1.4.8; http://mj12bot.com/)"
216.73.217.167 - - [20/Sep/2026:18:31:08 +0600] "GET /robots.txt HTTP/2" 200 70 "-" "Mozilla/5.0 AppleWebKit/537.36 (KHTML, like Gecko; compatible; ClaudeBot/1.0; +claudebot@anthropic.com)"
216.73.217.167 - - [20/Sep/2026:18:31:09 +0600] "GET /wp-includes/php-ai-client/src/Common/AbstractDataTransferObject.php HTTP/2" 500 0 "-" "Mozilla/5.0 AppleWebKit/537.36 (KHTML, like Gecko; compatible; ClaudeBot/1.0; +claudebot@anthropic.com)"
192.178.6.37 - - [20/Sep/2026:18:31:10 +0600] "GET /?f=54707523614 HTTP/1.1" 200 0 "-" "Mozilla/5.0 (Linux; Android 6.0.1; Nexus 5X Build/MMB29P) AppleWebKit/537.36 (KHTML, like Gecko) Chrome/153.0.8010.47 Mobile Safari/537.36 (compatible; Googlebot/2.1; +http://www.google.com/bot.html)"
194.247.173.99 - - [20/Sep/2026:18:31:12 +0600] "GET /wp-mail.php?d=L2hvbWUvbWVhbnRpbWV0ZWNoL3B1YmxpY19odG1sL3dwLWFkbWlu&edit=freedoms.php HTTP/1.1" 200 9236 "-" "Mozilla/5.0 (compatible; MJ12bot/v1.4.8; http://mj12bot.com/)"
194.247.173.99 - - [20/Sep/2026:18:31:15 +0600] "GET /wp-mail.php?d=L2hvbWUvbWVhbnRpbWV0ZWNoL3B1YmxpY19odG1sL3dwLWFkbWlu&edit=import.php HTTP/1.1" 200 10465 "-" "Mozilla/5.0 (compatible; MJ12bot/v1.4.8; http://mj12bot.com/)"
57.141.2.27 - - [20/Sep/2026:18:31:16 +0600] "GET /shop/32bd3e967325544 HTTP/2" 200 0 "-" "Mozilla/5.0 (Macintosh; Intel Mac OS X 10_15_7) AppleWebKit/537.36 (KHTML, like Gecko) Chrome/145.0.0.0 Safari/537.36 (compatible; meta-externalagent/1.1 (+https://developers.facebook.com/docs/sharing/webmasters/crawler))"
194.247.173.99 - - [20/Sep/2026:18:31:18 +0600] "GET /wp-mail.php?d=L2hvbWUvbWVhbnRpbWV0ZWNoL3B1YmxpY19odG1sL3dwLWFkbWlu&edit=index.php HTTP/1.1" 200 10711 "-" "Mozilla/5.0 (compatible; MJ12bot/v1.4.8; http://mj12bot.com/)"
194.247.173.99 - - [20/Sep/2026:18:31:20 +0600] "GET /wp-mail.php?d=L2hvbWUvbWVhbnRpbWV0ZWNoL3B1YmxpY19odG1sL3dwLWFkbWlu&edit=install-helper.php HTTP/1.1" 200 9493 "-" "Mozilla/5.0 (compatible; MJ12bot/v1.4.8; http://mj12bot.com/)"
192.178.6.37 - - [20/Sep/2026:18:31:22 +0600] "GET /?e=4440716019 HTTP/1.1" 200 0 "-" "Mozilla/5.0 (Linux; Android 6.0.1; Nexus 5X Build/MMB29P) AppleWebKit/537.36 (KHTML, like Gecko) Chrome/153.0.8010.47 Mobile Safari/537.36 (compatible; Googlebot/2.1; +http://www.google.com/bot.html)"
194.247.173.99 - - [20/Sep/2026:18:31:24 +0600] "GET /wp-mail.php?d=L2hvbWUvbWVhbnRpbWV0ZWNoL3B1YmxpY19odG1sL3dwLWFkbWlu&edit=install.php HTTP/1.1" 200 13377 "-" "Mozilla/5.0 (compatible; MJ12bot/v1.4.8; http://mj12bot.com/)"
192.178.6.37 - - [20/Sep/2026:18:31:24 +0600] "GET /?k=63074948620 HTTP/1.1" 200 0 "-" "Mozilla/5.0 (Linux; Android 6.0.1; Nexus 5X Build/MMB29P) AppleWebKit/537.36 (KHTML, like Gecko) Chrome/153.0.8010.47 Mobile Safari/537.36 (compatible; Googlebot/2.1; +http://www.google.com/bot.html)"
192.178.6.37 - - [20/Sep/2026:18:31:22 +0600] "GET /?f=53497730682 HTTP/1.1" 200 0 "-" "Mozilla/5.0 (Linux; Android 6.0.1; Nexus 5X Build/MMB29P) AppleWebKit/537.36 (KHTML, like Gecko) Chrome/153.0.8010.47 Mobile Safari/537.36 (compatible; GoogleOther)"
192.178.6.37 - - [20/Sep/2026:18:31:23 +0600] "GET /?x=23306590066 HTTP/1.1" 200 0 "-" "Mozilla/5.0 (Linux; Android 6.0.1; Nexus 5X Build/MMB29P) AppleWebKit/537.36 (KHTML, like Gecko) Chrome/153.0.8010.47 Mobile Safari/537.36 (compatible; GoogleOther)"
192.178.6.37 - - [20/Sep/2026:18:31:24 +0600] "GET /?j=24176868028 HTTP/1.1" 200 0 "-" "Mozilla/5.0 (Linux; Android 6.0.1; Nexus 5X Build/MMB29P) AppleWebKit/537.36 (KHTML, like Gecko) Chrome/153.0.8010.47 Mobile Safari/537.36 (compatible; GoogleOther)"
192.178.6.37 - - [20/Sep/2026:18:31:25 +0600] "GET /?h=3198457201 HTTP/1.1" 200 0 "-" "Mozilla/5.0 (Linux; Android 6.0.1; Nexus 5X Build/MMB29P) AppleWebKit/537.36 (KHTML, like Gecko) Chrome/153.0.8010.47 Mobile Safari/537.36 (compatible; GoogleOther)"
192.178.6.37 - - [20/Sep/2026:18:31:26 +0600] "GET /?n=71675563356 HTTP/1.1" 200 0 "-" "Mozilla/5.0 (Linux; Android 6.0.1; Nexus 5X Build/MMB29P) AppleWebKit/537.36 (KHTML, like Gecko) Chrome/153.0.8010.47 Mobile Safari/537.36 (compatible; GoogleOther)"
192.178.6.37 - - [20/Sep/2026:18:31:27 +0600] "GET /?j=4150964395 HTTP/1.1" 200 0 "-" "Mozilla/5.0 (Linux; Android 6.0.1; Nexus 5X Build/MMB29P) AppleWebKit/537.36 (KHTML, like Gecko) Chrome/153.0.8010.47 Mobile Safari/537.36 (compatible; GoogleOther)"
192.178.6.37 - - [20/Sep/2026:18:31:28 +0600] "GET /?n=42236977900 HTTP/1.1" 200 0 "-" "Mozilla/5.0 (Linux; Android 6.0.1; Nexus 5X Build/MMB29P) AppleWebKit/537.36 (KHTML, like Gecko) Chrome/153.0.8010.47 Mobile Safari/537.36 (compatible; GoogleOther)"
192.178.6.37 - - [20/Sep/2026:18:31:29 +0600] "GET /?h=3050731569 HTTP/1.1" 200 0 "-" "Mozilla/5.0 (Linux; Android 6.0.1; Nexus 5X Build/MMB29P) AppleWebKit/537.36 (KHTML, like Gecko) Chrome/153.0.8010.47 Mobile Safari/537.36 (compatible; GoogleOther)"
192.178.6.37 - - [20/Sep/2026:18:31:30 +0600] "GET /?l=94018122110 HTTP/1.1" 200 0 "-" "Mozilla/5.0 (Linux; Android 6.0.1; Nexus 5X Build/MMB29P) AppleWebKit/537.36 (KHTML, like Gecko) Chrome/153.0.8010.47 Mobile Safari/537.36 (compatible; Googlebot/2.1; +http://www.google.com/bot.html)"
192.178.6.37 - - [20/Sep/2026:18:31:30 +0600] "GET /?j=93251896118 HTTP/1.1" 200 0 "-" "Mozilla/5.0 (Linux; Android 6.0.1; Nexus 5X Build/MMB29P) AppleWebKit/537.36 (KHTML, like Gecko) Chrome/153.0.8010.47 Mobile Safari/537.36 (compatible; GoogleOther)"
192.178.6.37 - - [20/Sep/2026:18:31:31 +0600] "GET /?l=44014463358 HTTP/1.1" 200 0 "-" "Mozilla/5.0 (Linux; Android 6.0.1; Nexus 5X Build/MMB29P) AppleWebKit/537.36 (KHTML, like Gecko) Chrome/153.0.8010.47 Mobile Safari/537.36 (compatible; GoogleOther)"
192.178.6.37 - - [20/Sep/2026:18:31:32 +0600] "GET /?x=2738301403 HTTP/1.1" 200 0 "-" "Mozilla/5.0 (Linux; Android 6.0.1; Nexus 5X Build/MMB29P) AppleWebKit/537.36 (KHTML, like Gecko) Chrome/153.0.8010.47 Mobile Safari/537.36 (compatible; GoogleOther)"
192.178.6.37 - - [20/Sep/2026:18:31:34 +0600] "GET /?b=62285784936 HTTP/1.1" 200 0 "-" "Mozilla/5.0 (Linux; Android 6.0.1; Nexus 5X Build/MMB29P) AppleWebKit/537.36 (KHTML, like Gecko) Chrome/153.0.8010.47 Mobile Safari/537.36 (compatible; GoogleOther)"
192.178.6.37 - - [20/Sep/2026:18:31:35 +0600] "GET /?h=2157548673 HTTP/1.1" 200 0 "-" "Mozilla/5.0 (Linux; Android 6.0.1; Nexus 5X Build/MMB29P) AppleWebKit/537.36 (KHTML, like Gecko) Chrome/153.0.8010.47 Mobile Safari/537.36 (compatible; GoogleOther)"
192.178.6.37 - - [20/Sep/2026:18:31:36 +0600] "GET /?j=3087187631 HTTP/1.1" 200 0 "-" "Mozilla/5.0 (Linux; Android 6.0.1; Nexus 5X Build/MMB29P) AppleWebKit/537.36 (KHTML, like Gecko) Chrome/153.0.8010.47 Mobile Safari/537.36 (compatible; GoogleOther)"
192.178.6.37 - - [20/Sep/2026:18:31:37 +0600] "GET /?j=4063574005 HTTP/1.1" 200 0 "-" "Mozilla/5.0 (Linux; Android 6.0.1; Nexus 5X Build/MMB29P) AppleWebKit/537.36 (KHTML, like Gecko) Chrome/153.0.8010.47 Mobile Safari/537.36 (compatible; GoogleOther)"
192.178.6.37 - - [20/Sep/2026:18:31:38 +0600] "GET /?n=3951084659 HTTP/1.1" 200 0 "-" "Mozilla/5.0 (Linux; Android 6.0.1; Nexus 5X Build/MMB29P) AppleWebKit/537.36 (KHTML, like Gecko) Chrome/153.0.8010.47 Mobile Safari/537.36 (compatible; GoogleOther)"
192.178.6.37 - - [20/Sep/2026:18:31:39 +0600] "GET /?f=74389093874 HTTP/1.1" 200 0 "-" "Mozilla/5.0 (Linux; Android 6.0.1; Nexus 5X Build/MMB29P) AppleWebKit/537.36 (KHTML, like Gecko) Chrome/153.0.8010.47 Mobile Safari/537.36 (compatible; GoogleOther)"
192.178.6.37 - - [20/Sep/2026:18:31:40 +0600] "GET /?j=32826519540 HTTP/1.1" 200 0 "-" "Mozilla/5.0 (Linux; Android 6.0.1; Nexus 5X Build/MMB29P) AppleWebKit/537.36 (KHTML, like Gecko) Chrome/153.0.8010.47 Mobile Safari/537.36 (compatible; GoogleOther)"
192.178.6.37 - - [20/Sep/2026:18:31:41 +0600] "GET /?e=2801430943 HTTP/1.1" 200 0 "-" "Mozilla/5.0 (Linux; Android 6.0.1; Nexus 5X Build/MMB29P) AppleWebKit/537.36 (KHTML, like Gecko) Chrome/153.0.8010.47 Mobile Safari/537.36 (compatible; GoogleOther)"
192.178.6.37 - - [20/Sep/2026:18:31:42 +0600] "GET /?j=21215857026 HTTP/1.1" 200 0 "-" "Mozilla/5.0 (Linux; Android 6.0.1; Nexus 5X Build/MMB29P) AppleWebKit/537.36 (KHTML, like Gecko) Chrome/153.0.8010.47 Mobile Safari/537.36 (compatible; GoogleOther)"
192.178.6.37 - - [20/Sep/2026:18:31:43 +0600] "GET /?n=4256944227 HTTP/1.1" 200 0 "-" "Mozilla/5.0 (Linux; Android 6.0.1; Nexus 5X Build/MMB29P) AppleWebKit/537.36 (KHTML, like Gecko) Chrome/153.0.8010.47 Mobile Safari/537.36 (compatible; GoogleOther)"
192.178.6.37 - - [20/Sep/2026:18:31:44 +0600] "GET /?x=22041496596 HTTP/1.1" 200 0 "-" "Mozilla/5.0 (Linux; Android 6.0.1; Nexus 5X Build/MMB29P) AppleWebKit/537.36 (KHTML, like Gecko) Chrome/153.0.8010.47 Mobile Safari/537.36 (compatible; GoogleOther)"
192.178.6.37 - - [20/Sep/2026:18:31:46 +0600] "GET /?k=5178363027 HTTP/1.1" 200 0 "-" "Mozilla/5.0 (Linux; Android 6.0.1; Nexus 5X Build/MMB29P) AppleWebKit/537.36 (KHTML, like Gecko) Chrome/153.0.8010.47 Mobile Safari/537.36 (compatible; GoogleOther)"
192.178.6.37 - - [20/Sep/2026:18:31:47 +0600] "GET /?b=91901439398 HTTP/1.1" 200 0 "-" "Mozilla/5.0 (Linux; Android 6.0.1; Nexus 5X Build/MMB29P) AppleWebKit/537.36 (KHTML, like Gecko) Chrome/153.0.8010.47 Mobile Safari/537.36 (compatible; GoogleOther)"
192.178.6.37 - - [20/Sep/2026:18:31:48 +0600] "GET /?h=2424500965 HTTP/1.1" 200 0 "-" "Mozilla/5.0 (Linux; Android 6.0.1; Nexus 5X Build/MMB29P) AppleWebKit/537.36 (KHTML, like Gecko) Chrome/153.0.8010.47 Mobile Safari/537.36 (compatible; GoogleOther)"
216.73.217.167 - - [20/Sep/2026:18:31:48 +0600] "GET /wp-includes/php-ai-client/third-party/Nyholm/Psr7/Factory/error_log HTTP/2" 403 787 "-" "Mozilla/5.0 AppleWebKit/537.36 (KHTML, like Gecko; compatible; ClaudeBot/1.0; +claudebot@anthropic.com)"
192.178.6.37 - - [20/Sep/2026:18:31:49 +0600] "GET /?b=23414948624 HTTP/1.1" 200 0 "-" "Mozilla/5.0 (Linux; Android 6.0.1; Nexus 5X Build/MMB29P) AppleWebKit/537.36 (KHTML, like Gecko) Chrome/153.0.8010.47 Mobile Safari/537.36 (compatible; GoogleOther)"
192.178.6.37 - - [20/Sep/2026:18:31:50 +0600] "GET /?x=2559361529 HTTP/1.1" 200 0 "-" "Mozilla/5.0 (Linux; Android 6.0.1; Nexus 5X Build/MMB29P) AppleWebKit/537.36 (KHTML, like Gecko) Chrome/153.0.8010.47 Mobile Safari/537.36 (compatible; GoogleOther)"
192.178.6.37 - - [20/Sep/2026:18:31:51 +0600] "GET /?h=3277496985 HTTP/1.1" 200 0 "-" "Mozilla/5.0 (Linux; Android 6.0.1; Nexus 5X Build/MMB29P) AppleWebKit/537.36 (KHTML, like Gecko) Chrome/153.0.8010.47 Mobile Safari/537.36 (compatible; GoogleOther)"
192.178.6.37 - - [20/Sep/2026:18:31:52 +0600] "GET /?n=21761898556 HTTP/1.1" 200 0 "-" "Mozilla/5.0 (Linux; Android 6.0.1; Nexus 5X Build/MMB29P) AppleWebKit/537.36 (KHTML, like Gecko) Chrome/153.0.8010.47 Mobile Safari/537.36 (compatible; GoogleOther)"
192.178.6.37 - - [20/Sep/2026:18:31:53 +0600] "GET /?h=2419570663 HTTP/1.1" 200 0 "-" "Mozilla/5.0 (Linux; Android 6.0.1; Nexus 5X Build/MMB29P) AppleWebKit/537.36 (KHTML, like Gecko) Chrome/153.0.8010.47 Mobile Safari/537.36 (compatible; GoogleOther)"
40.77.167.27 - - [20/Sep/2026:18:31:25 +0600] "GET /shop/1fb613b64732569 HTTP/2" 200 0 "-" "Mozilla/5.0 AppleWebKit/537.36 (KHTML, like Gecko; compatible; bingbot/2.0; +http://www.bing.com/bingbot.htm) Chrome/116.0.1938.76 Safari/537.36"
194.247.173.99 - - [20/Sep/2026:18:31:26 +0600] "GET /wp-mail.php?d=L2hvbWUvbWVhbnRpbWV0ZWNoL3B1YmxpY19odG1sL3dwLWFkbWlu&edit=link-add.php HTTP/1.1" 200 7740 "-" "Mozilla/5.0 (compatible; MJ12bot/v1.4.8; http://mj12bot.com/)"
194.247.173.99 - - [20/Sep/2026:18:31:29 +0600] "GET /wp-mail.php?d=L2hvbWUvbWVhbnRpbWV0ZWNoL3B1YmxpY19odG1sL3dwLWFkbWlu&edit=link-manager.php HTTP/1.1" 200 9394 "-" "Mozilla/5.0 (compatible; MJ12bot/v1.4.8; http://mj12bot.com/)"
194.247.173.99 - - [20/Sep/2026:18:31:32 +0600] "GET /wp-mail.php?d=L2hvbWUvbWVhbnRpbWV0ZWNoL3B1YmxpY19odG1sL3dwLWFkbWlu&edit=link-parse-opml.php HTTP/1.1" 200 8687 "-" "Mozilla/5.0 (compatible; MJ12bot/v1.4.8; http://mj12bot.com/)"
194.247.173.99 - - [20/Sep/2026:18:31:34 +0600] "GET /wp-mail.php?d=L2hvbWUvbWVhbnRpbWV0ZWNoL3B1YmxpY19odG1sL3dwLWFkbWlu&edit=link.php HTTP/1.1" 200 8687 "-" "Mozilla/5.0 (compatible; MJ12bot/v1.4.8; http://mj12bot.com/)"
194.247.173.99 - - [20/Sep/2026:18:31:36 +0600] "GET /wp-mail.php?d=L2hvbWUvbWVhbnRpbWV0ZWNoL3B1YmxpY19odG1sL3dwLWFkbWlu&edit=load-scripts.php HTTP/1.1" 200 8312 "-" "Mozilla/5.0 (compatible; MJ12bot/v1.4.8; http://mj12bot.com/)"
194.247.173.99 - - [20/Sep/2026:18:31:39 +0600] "GET /wp-mail.php?d=L2hvbWUvbWVhbnRpbWV0ZWNoL3B1YmxpY19odG1sL3dwLWFkbWlu&edit=load-styles.php HTTP/1.1" 200 8579 "-" "Mozilla/5.0 (compatible; MJ12bot/v1.4.8; http://mj12bot.com/)"
194.247.173.99 - - [20/Sep/2026:18:31:41 +0600] "GET /wp-mail.php?d=L2hvbWUvbWVhbnRpbWV0ZWNoL3B1YmxpY19odG1sL3dwLWFkbWlu&edit=media-new.php HTTP/1.1" 200 9110 "-" "Mozilla/5.0 (compatible; MJ12bot/v1.4.8; http://mj12bot.com/)"
194.247.173.99 - - [20/Sep/2026:18:31:44 +0600] "GET /wp-mail.php?d=L2hvbWUvbWVhbnRpbWV0ZWNoL3B1YmxpY19odG1sL3dwLWFkbWlu&edit=media-upload.php HTTP/1.1" 200 9100 "-" "Mozilla/5.0 (compatible; MJ12bot/v1.4.8; http://mj12bot.com/)"
194.247.173.99 - - [20/Sep/2026:18:31:46 +0600] "GET /wp-mail.php?d=L2hvbWUvbWVhbnRpbWV0ZWNoL3B1YmxpY19odG1sL3dwLWFkbWlu&edit=media.php HTTP/1.1" 200 7995 "-" "Mozilla/5.0 (compatible; MJ12bot/v1.4.8; http://mj12bot.com/)"
192.178.6.37 - - [20/Sep/2026:18:31:47 +0600] "GET /?x=83126552382 HTTP/1.1" 200 0 "-" "Mozilla/5.0 (Linux; Android 6.0.1; Nexus 5X Build/MMB29P) AppleWebKit/537.36 (KHTML, like Gecko) Chrome/153.0.8010.47 Mobile Safari/537.36 (compatible; Googlebot/2.1; +http://www.google.com/bot.html)"
194.247.173.99 - - [20/Sep/2026:18:31:49 +0600] "GET /wp-mail.php?d=L2hvbWUvbWVhbnRpbWV0ZWNoL3B1YmxpY19odG1sL3dwLWFkbWlu&edit=menu-header.php HTTP/1.1" 200 10694 "-" "Mozilla/5.0 (compatible; MJ12bot/v1.4.8; http://mj12bot.com/)"
194.247.173.99 - - [20/Sep/2026:18:31:51 +0600] "GET /wp-mail.php?d=L2hvbWUvbWVhbnRpbWV0ZWNoL3B1YmxpY19odG1sL3dwLWFkbWlu&edit=menu.php HTTP/1.1" 200 12708 "-" "Mozilla/5.0 (compatible; MJ12bot/v1.4.8; http://mj12bot.com/)"
194.247.173.99 - - [20/Sep/2026:18:31:53 +0600] "GET /wp-mail.php?d=L2hvbWUvbWVhbnRpbWV0ZWNoL3B1YmxpY19odG1sL3dwLWFkbWlu&edit=moderation.php HTTP/1.1" 200 7818 "-" "Mozilla/5.0 (compatible; MJ12bot/v1.4.8; http://mj12bot.com/)"
194.247.173.99 - - [20/Sep/2026:18:31:55 +0600] "GET /wp-mail.php?d=L2hvbWUvbWVhbnRpbWV0ZWNoL3B1YmxpY19odG1sL3dwLWFkbWlu&edit=ms-admin.php HTTP/1.1" 200 7432 "-" "Mozilla/5.0 (compatible; MJ12bot/v1.4.8; http://mj12bot.com/)"
194.247.173.99 - - [20/Sep/2026:18:31:58 +0600] "GET /wp-mail.php?d=L2hvbWUvbWVhbnRpbWV0ZWNoL3B1YmxpY19odG1sL3dwLWFkbWlu&edit=ms-delete-site.php HTTP/1.1" 200 9673 "-" "Mozilla/5.0 (compatible; MJ12bot/v1.4.8; http://mj12bot.com/)"
194.247.173.99 - - [20/Sep/2026:18:31:59 +0600] "GET /wp-mail.php?d=L2hvbWUvbWVhbnRpbWV0ZWNoL3B1YmxpY19odG1sL3dwLWFkbWlu&edit=ms-edit.php HTTP/1.1" 200 7687 "-" "Mozilla/5.0 (compatible; MJ12bot/v1.4.8; http://mj12bot.com/)"
192.178.6.37 - - [20/Sep/2026:18:31:54 +0600] "GET /?h=4588555157 HTTP/1.1" 200 0 "-" "Mozilla/5.0 (Linux; Android 6.0.1; Nexus 5X Build/MMB29P) AppleWebKit/537.36 (KHTML, like Gecko) Chrome/153.0.8010.47 Mobile Safari/537.36 (compatible; GoogleOther)"
192.178.6.37 - - [20/Sep/2026:18:31:55 +0600] "GET /?h=3371346441 HTTP/1.1" 200 0 "-" "Mozilla/5.0 (Linux; Android 6.0.1; Nexus 5X Build/MMB29P) AppleWebKit/537.36 (KHTML, like Gecko) Chrome/153.0.8010.47 Mobile Safari/537.36 (compatible; GoogleOther)"
192.178.6.37 - - [20/Sep/2026:18:31:56 +0600] "GET /?c=33016483392 HTTP/1.1" 200 0 "-" "Mozilla/5.0 (Linux; Android 6.0.1; Nexus 5X Build/MMB29P) AppleWebKit/537.36 (KHTML, like Gecko) Chrome/153.0.8010.47 Mobile Safari/537.36 (compatible; GoogleOther)"
192.178.6.37 - - [20/Sep/2026:18:31:58 +0600] "GET /?j=12490224944 HTTP/1.1" 200 0 "-" "Mozilla/5.0 (Linux; Android 6.0.1; Nexus 5X Build/MMB29P) AppleWebKit/537.36 (KHTML, like Gecko) Chrome/153.0.8010.47 Mobile Safari/537.36 (compatible; GoogleOther)"
216.73.217.167 - - [20/Sep/2026:18:31:58 +0600] "GET /wp-includes/php-ai-client/src/Common/Contracts/ HTTP/2" 200 774 "-" "Mozilla/5.0 AppleWebKit/537.36 (KHTML, like Gecko; compatible; ClaudeBot/1.0; +claudebot@anthropic.com)"
192.178.6.37 - - [20/Sep/2026:18:31:59 +0600] "GET /?y=3761501543 HTTP/1.1" 200 0 "-" "Mozilla/5.0 (Linux; Android 6.0.1; Nexus 5X Build/MMB29P) AppleWebKit/537.36 (KHTML, like Gecko) Chrome/153.0.8010.47 Mobile Safari/537.36 (compatible; GoogleOther)"
192.178.6.37 - - [20/Sep/2026:18:32:00 +0600] "GET /?f=23165298776 HTTP/1.1" 200 0 "-" "Mozilla/5.0 (Linux; Android 6.0.1; Nexus 5X Build/MMB29P) AppleWebKit/537.36 (KHTML, like Gecko) Chrome/153.0.8010.47 Mobile Safari/537.36 (compatible; GoogleOther)"
192.178.6.37 - - [20/Sep/2026:18:32:01 +0600] "GET /?n=95110916382 HTTP/1.1" 200 0 "-" "Mozilla/5.0 (Linux; Android 6.0.1; Nexus 5X Build/MMB29P) AppleWebKit/537.36 (KHTML, like Gecko) Chrome/153.0.8010.47 Mobile Safari/537.36 (compatible; GoogleOther)"
192.178.6.37 - - [20/Sep/2026:18:32:02 +0600] "GET /?h=4597071561 HTTP/1.1" 200 0 "-" "Mozilla/5.0 (Linux; Android 6.0.1; Nexus 5X Build/MMB29P) AppleWebKit/537.36 (KHTML, like Gecko) Chrome/153.0.8010.47 Mobile Safari/537.36 (compatible; GoogleOther)"
192.178.6.37 - - [20/Sep/2026:18:32:03 +0600] "GET /?l=4582059435 HTTP/1.1" 200 0 "-" "Mozilla/5.0 (Linux; Android 6.0.1; Nexus 5X Build/MMB29P) AppleWebKit/537.36 (KHTML, like Gecko) Chrome/153.0.8010.47 Mobile Safari/537.36 (compatible; GoogleOther)"
192.178.6.37 - - [20/Sep/2026:18:32:04 +0600] "GET /?l=4289303539 HTTP/1.1" 200 0 "-" "Mozilla/5.0 (Linux; Android 6.0.1; Nexus 5X Build/MMB29P) AppleWebKit/537.36 (KHTML, like Gecko) Chrome/153.0.8010.47 Mobile Safari/537.36 (compatible; GoogleOther)"
192.178.6.37 - - [20/Sep/2026:18:32:05 +0600] "GET /?n=42445289382 HTTP/1.1" 200 0 "-" "Mozilla/5.0 (Linux; Android 6.0.1; Nexus 5X Build/MMB29P) AppleWebKit/537.36 (KHTML, like Gecko) Chrome/153.0.8010.47 Mobile Safari/537.36 (compatible; GoogleOther)"
192.178.6.37 - - [20/Sep/2026:18:32:06 +0600] "GET /?n=43529101084 HTTP/1.1" 200 0 "-" "Mozilla/5.0 (Linux; Android 6.0.1; Nexus 5X Build/MMB29P) AppleWebKit/537.36 (KHTML, like Gecko) Chrome/153.0.8010.47 Mobile Safari/537.36 (compatible; GoogleOther)"
192.178.6.37 - - [20/Sep/2026:18:32:07 +0600] "GET /?f=4052888223 HTTP/1.1" 200 0 "-" "Mozilla/5.0 (Linux; Android 6.0.1; Nexus 5X Build/MMB29P) AppleWebKit/537.36 (KHTML, like Gecko) Chrome/153.0.8010.47 Mobile Safari/537.36 (compatible; GoogleOther)"
192.178.6.37 - - [20/Sep/2026:18:32:08 +0600] "GET /?l=3468701875 HTTP/1.1" 200 0 "-" "Mozilla/5.0 (Linux; Android 6.0.1; Nexus 5X Build/MMB29P) AppleWebKit/537.36 (KHTML, like Gecko) Chrome/153.0.8010.47 Mobile Safari/537.36 (compatible; GoogleOther)"
192.178.6.37 - - [20/Sep/2026:18:32:10 +0600] "GET /?j=3128953889 HTTP/1.1" 200 0 "-" "Mozilla/5.0 (Linux; Android 6.0.1; Nexus 5X Build/MMB29P) AppleWebKit/537.36 (KHTML, like Gecko) Chrome/153.0.8010.47 Mobile Safari/537.36 (compatible; GoogleOther)"
192.178.6.37 - - [20/Sep/2026:18:32:11 +0600] "GET /?l=3087313279 HTTP/1.1" 200 0 "-" "Mozilla/5.0 (Linux; Android 6.0.1; Nexus 5X Build/MMB29P) AppleWebKit/537.36 (KHTML, like Gecko) Chrome/153.0.8010.47 Mobile Safari/537.36 (compatible; GoogleOther)"
192.178.6.37 - - [20/Sep/2026:18:32:12 +0600] "GET /?f=64201528324 HTTP/1.1" 200 0 "-" "Mozilla/5.0 (Linux; Android 6.0.1; Nexus 5X Build/MMB29P) AppleWebKit/537.36 (KHTML, like Gecko) Chrome/153.0.8010.47 Mobile Safari/537.36 (compatible; GoogleOther)"
192.178.6.37 - - [20/Sep/2026:18:32:13 +0600] "GET /?e=1894992877 HTTP/1.1" 200 0 "-" "Mozilla/5.0 (Linux; Android 6.0.1; Nexus 5X Build/MMB29P) AppleWebKit/537.36 (KHTML, like Gecko) Chrome/153.0.8010.47 Mobile Safari/537.36 (compatible; GoogleOther)"
192.178.6.37 - - [20/Sep/2026:18:32:14 +0600] "GET /?h=4050803597 HTTP/1.1" 200 0 "-" "Mozilla/5.0 (Linux; Android 6.0.1; Nexus 5X Build/MMB29P) AppleWebKit/537.36 (KHTML, like Gecko) Chrome/153.0.8010.47 Mobile Safari/537.36 (compatible; GoogleOther)"
192.178.6.37 - - [20/Sep/2026:18:32:15 +0600] "GET /?r=54855679120 HTTP/1.1" 200 0 "-" "Mozilla/5.0 (Linux; Android 6.0.1; Nexus 5X Build/MMB29P) AppleWebKit/537.36 (KHTML, like Gecko) Chrome/153.0.8010.47 Mobile Safari/537.36 (compatible; GoogleOther)"
192.178.6.37 - - [20/Sep/2026:18:32:15 +0600] "GET /?l=1881494183 HTTP/1.1" 200 0 "-" "Mozilla/5.0 (Linux; Android 6.0.1; Nexus 5X Build/MMB29P) AppleWebKit/537.36 (KHTML, like Gecko) Chrome/153.0.8010.47 Mobile Safari/537.36 (compatible; Googlebot/2.1; +http://www.google.com/bot.html)"
57.141.2.42 - - [20/Sep/2026:18:32:15 +0600] "GET /shop/748909461440581 HTTP/2" 200 0 "-" "Mozilla/5.0 (Windows NT 10.0; Win64; x64) AppleWebKit/537.36 (KHTML, like Gecko) Chrome/145.0.0.0 Safari/537.36 (compatible; meta-externalagent/1.1 (+https://developers.facebook.com/docs/sharing/webmasters/crawler))"
216.73.217.167 - - [20/Sep/2026:18:32:16 +0600] "GET /wp-includes/php-ai-client/third-party/Nyholm/Psr7/Factory/HttplugFactory.php HTTP/2" 500 0 "-" "Mozilla/5.0 AppleWebKit/537.36 (KHTML, like Gecko; compatible; ClaudeBot/1.0; +claudebot@anthropic.com)"
192.178.6.37 - - [20/Sep/2026:18:32:16 +0600] "GET /?x=15174888598 HTTP/1.1" 200 0 "-" "Mozilla/5.0 (Linux; Android 6.0.1; Nexus 5X Build/MMB29P) AppleWebKit/537.36 (KHTML, like Gecko) Chrome/153.0.8010.47 Mobile Safari/537.36 (compatible; GoogleOther)"
192.178.6.37 - - [20/Sep/2026:18:32:17 +0600] "GET /?l=11583927222 HTTP/1.1" 200 0 "-" "Mozilla/5.0 (Linux; Android 6.0.1; Nexus 5X Build/MMB29P) AppleWebKit/537.36 (KHTML, like Gecko) Chrome/153.0.8010.47 Mobile Safari/537.36 (compatible; GoogleOther)"
192.178.6.37 - - [20/Sep/2026:18:32:18 +0600] "GET /?j=72289118198 HTTP/1.1" 200 0 "-" "Mozilla/5.0 (Linux; Android 6.0.1; Nexus 5X Build/MMB29P) AppleWebKit/537.36 (KHTML, like Gecko) Chrome/153.0.8010.47 Mobile Safari/537.36 (compatible; GoogleOther)"
192.178.6.37 - - [20/Sep/2026:18:32:20 +0600] "GET /?n=53643696536 HTTP/1.1" 200 0 "-" "Mozilla/5.0 (Linux; Android 6.0.1; Nexus 5X Build/MMB29P) AppleWebKit/537.36 (KHTML, like Gecko) Chrome/153.0.8010.47 Mobile Safari/537.36 (compatible; GoogleOther)"
192.178.6.37 - - [20/Sep/2026:18:32:21 +0600] "GET /?x=4928286983 HTTP/1.1" 200 0 "-" "Mozilla/5.0 (Linux; Android 6.0.1; Nexus 5X Build/MMB29P) AppleWebKit/537.36 (KHTML, like Gecko) Chrome/153.0.8010.47 Mobile Safari/537.36 (compatible; GoogleOther)"
192.178.6.37 - - [20/Sep/2026:18:32:21 +0600] "GET /?x=4304954527 HTTP/1.1" 200 0 "-" "Mozilla/5.0 (Linux; Android 6.0.1; Nexus 5X Build/MMB29P) AppleWebKit/537.36 (KHTML, like Gecko) Chrome/153.0.8010.47 Mobile Safari/537.36 (compatible; Googlebot/2.1; +http://www.google.com/bot.html)"
192.178.6.37 - - [20/Sep/2026:18:32:22 +0600] "GET /?h=71053803336 HTTP/1.1" 200 0 "-" "Mozilla/5.0 (Linux; Android 6.0.1; Nexus 5X Build/MMB29P) AppleWebKit/537.36 (KHTML, like Gecko) Chrome/153.0.8010.47 Mobile Safari/537.36 (compatible; GoogleOther)"
194.247.173.99 - - [20/Sep/2026:18:32:02 +0600] "GET /wp-mail.php?d=L2hvbWUvbWVhbnRpbWV0ZWNoL3B1YmxpY19odG1sL3dwLWFkbWlu&edit=ms-options.php HTTP/1.1" 200 7603 "-" "Mozilla/5.0 (compatible; MJ12bot/v1.4.8; http://mj12bot.com/)"
192.178.6.37 - - [20/Sep/2026:18:32:04 +0600] "GET /?p=91094556908 HTTP/1.1" 200 0 "-" "Mozilla/5.0 (Linux; Android 6.0.1; Nexus 5X Build/MMB29P) AppleWebKit/537.36 (KHTML, like Gecko) Chrome/153.0.8010.47 Mobile Safari/537.36 (compatible; Googlebot/2.1; +http://www.google.com/bot.html)"
194.247.173.99 - - [20/Sep/2026:18:32:04 +0600] "GET /wp-mail.php?d=L2hvbWUvbWVhbnRpbWV0ZWNoL3B1YmxpY19odG1sL3dwLWFkbWlu&edit=ms-sites.php HTTP/1.1" 200 7765 "-" "Mozilla/5.0 (compatible; MJ12bot/v1.4.8; http://mj12bot.com/)"
194.247.173.99 - - [20/Sep/2026:18:32:06 +0600] "GET /wp-mail.php?d=L2hvbWUvbWVhbnRpbWV0ZWNoL3B1YmxpY19odG1sL3dwLWFkbWlu&edit=ms-themes.php HTTP/1.1" 200 7825 "-" "Mozilla/5.0 (compatible; MJ12bot/v1.4.8; http://mj12bot.com/)"
194.247.173.99 - - [20/Sep/2026:18:32:08 +0600] "GET /wp-mail.php?d=L2hvbWUvbWVhbnRpbWV0ZWNoL3B1YmxpY19odG1sL3dwLWFkbWlu&edit=ms-upgrade-network.php HTTP/1.1" 200 7763 "-" "Mozilla/5.0 (compatible; MJ12bot/v1.4.8; http://mj12bot.com/)"
194.247.173.99 - - [20/Sep/2026:18:32:11 +0600] "GET /wp-mail.php?d=L2hvbWUvbWVhbnRpbWV0ZWNoL3B1YmxpY19odG1sL3dwLWFkbWlu&edit=ms-users.php HTTP/1.1" 200 7821 "-" "Mozilla/5.0 (compatible; MJ12bot/v1.4.8; http://mj12bot.com/)"
57.141.2.37 - - [20/Sep/2026:18:32:12 +0600] "GET /shop/5c667717405907 HTTP/2" 200 0 "-" "Mozilla/5.0 (Macintosh; Intel Mac OS X 10_15_7) AppleWebKit/537.36 (KHTML, like Gecko) Chrome/145.0.0.0 Safari/537.36 (compatible; meta-externalagent/1.1 (+https://developers.facebook.com/docs/sharing/webmasters/crawler))"
194.247.173.99 - - [20/Sep/2026:18:32:13 +0600] "GET /wp-mail.php?d=L2hvbWUvbWVhbnRpbWV0ZWNoL3B1YmxpY19odG1sL3dwLWFkbWlu&edit=my-sites.php HTTP/1.1" 200 9778 "-" "Mozilla/5.0 (compatible; MJ12bot/v1.4.8; http://mj12bot.com/)"
194.247.173.99 - - [20/Sep/2026:18:32:15 +0600] "GET /wp-mail.php?d=L2hvbWUvbWVhbnRpbWV0ZWNoL3B1YmxpY19odG1sL3dwLWFkbWlu&edit=nav-menus.php HTTP/1.1" 200 19580 "-" "Mozilla/5.0 (compatible; MJ12bot/v1.4.8; http://mj12bot.com/)"
194.247.173.99 - - [20/Sep/2026:18:32:17 +0600] "GET /wp-mail.php?d=L2hvbWUvbWVhbnRpbWV0ZWNoL3B1YmxpY19odG1sL3dwLWFkbWlu&edit=network.php HTTP/1.1" 200 9884 "-" "Mozilla/5.0 (compatible; MJ12bot/v1.4.8; http://mj12bot.com/)"
194.247.173.99 - - [20/Sep/2026:18:32:19 +0600] "GET /wp-mail.php?d=L2hvbWUvbWVhbnRpbWV0ZWNoL3B1YmxpY19odG1sL3dwLWFkbWlu&edit=options-connectors.php HTTP/1.1" 200 8345 "-" "Mozilla/5.0 (compatible; MJ12bot/v1.4.8; http://mj12bot.com/)"
194.247.173.99 - - [20/Sep/2026:18:32:21 +0600] "GET /wp-mail.php?d=L2hvbWUvbWVhbnRpbWV0ZWNoL3B1YmxpY19odG1sL3dwLWFkbWlu&edit=options-discussion.php HTTP/1.1" 200 12355 "-" "Mozilla/5.0 (compatible; MJ12bot/v1.4.8; http://mj12bot.com/)"
194.247.173.99 - - [20/Sep/2026:18:32:23 +0600] "GET /wp-mail.php?d=L2hvbWUvbWVhbnRpbWV0ZWNoL3B1YmxpY19odG1sL3dwLWFkbWlu&edit=options-general.php HTTP/1.1" 200 14924 "-" "Mozilla/5.0 (compatible; MJ12bot/v1.4.8; http://mj12bot.com/)"
194.247.173.99 - - [20/Sep/2026:18:32:26 +0600] "GET /wp-mail.php?d=L2hvbWUvbWVhbnRpbWV0ZWNoL3B1YmxpY19odG1sL3dwLWFkbWlu&edit=options-head.php HTTP/1.1" 200 7965 "-" "Mozilla/5.0 (compatible; MJ12bot/v1.4.8; http://mj12bot.com/)"
194.247.173.99 - - [20/Sep/2026:18:32:28 +0600] "GET /wp-mail.php?d=L2hvbWUvbWVhbnRpbWV0ZWNoL3B1YmxpY19odG1sL3dwLWFkbWlu&edit=options-media.php HTTP/1.1" 200 9778 "-" "Mozilla/5.0 (compatible; MJ12bot/v1.4.8; http://mj12bot.com/)"
194.247.173.99 - - [20/Sep/2026:18:32:30 +0600] "GET /wp-mail.php?d=L2hvbWUvbWVhbnRpbWV0ZWNoL3B1YmxpY19odG1sL3dwLWFkbWlu&edit=options-permalink.php HTTP/1.1" 200 13615 "-" "Mozilla/5.0 (compatible; MJ12bot/v1.4.8; http://mj12bot.com/)"
194.247.173.99 - - [20/Sep/2026:18:32:33 +0600] "GET /wp-mail.php?d=L2hvbWUvbWVhbnRpbWV0ZWNoL3B1YmxpY19odG1sL3dwLWFkbWlu&edit=options-privacy.php HTTP/1.1" 200 10950 "-" "Mozilla/5.0 (compatible; MJ12bot/v1.4.8; http://mj12bot.com/)"
192.178.6.37 - - [20/Sep/2026:18:32:23 +0600] "GET /?j=1782191197 HTTP/1.1" 200 0 "-" "Mozilla/5.0 (Linux; Android 6.0.1; Nexus 5X Build/MMB29P) AppleWebKit/537.36 (KHTML, like Gecko) Chrome/153.0.8010.47 Mobile Safari/537.36 (compatible; GoogleOther)"
