192.178.6.37 - - [20/Sep/2026:18:27:45 +0600] "GET /?l=1145509459 HTTP/1.1" 200 0 "-" "Mozilla/5.0 (Linux; Android 6.0.1; Nexus 5X Build/MMB29P) AppleWebKit/537.36 (KHTML, like Gecko) Chrome/153.0.8010.47 Mobile Safari/537.36 (compatible; GoogleOther)"
192.178.6.37 - - [20/Sep/2026:18:27:46 +0600] "GET /?n=4427656077 HTTP/1.1" 200 0 "-" "Mozilla/5.0 (Linux; Android 6.0.1; Nexus 5X Build/MMB29P) AppleWebKit/537.36 (KHTML, like Gecko) Chrome/153.0.8010.47 Mobile Safari/537.36 (compatible; GoogleOther)"
192.178.6.37 - - [20/Sep/2026:18:27:47 +0600] "GET /?j=5066051333 HTTP/1.1" 200 0 "-" "Mozilla/5.0 (Linux; Android 6.0.1; Nexus 5X Build/MMB29P) AppleWebKit/537.36 (KHTML, like Gecko) Chrome/153.0.8010.47 Mobile Safari/537.36 (compatible; GoogleOther)"
192.178.6.37 - - [20/Sep/2026:18:27:48 +0600] "GET /?n=92385386750 HTTP/1.1" 200 0 "-" "Mozilla/5.0 (Linux; Android 6.0.1; Nexus 5X Build/MMB29P) AppleWebKit/537.36 (KHTML, like Gecko) Chrome/153.0.8010.47 Mobile Safari/537.36 (compatible; GoogleOther)"
192.178.6.37 - - [20/Sep/2026:18:27:49 +0600] "GET /?x=53163664248 HTTP/1.1" 200 0 "-" "Mozilla/5.0 (Linux; Android 6.0.1; Nexus 5X Build/MMB29P) AppleWebKit/537.36 (KHTML, like Gecko) Chrome/153.0.8010.47 Mobile Safari/537.36 (compatible; GoogleOther)"
192.178.6.37 - - [20/Sep/2026:18:27:51 +0600] "GET /?j=4040066495 HTTP/1.1" 200 0 "-" "Mozilla/5.0 (Linux; Android 6.0.1; Nexus 5X Build/MMB29P) AppleWebKit/537.36 (KHTML, like Gecko) Chrome/153.0.8010.47 Mobile Safari/537.36 (compatible; GoogleOther)"
192.178.6.37 - - [20/Sep/2026:18:27:52 +0600] "GET /?l=1658089473 HTTP/1.1" 200 0 "-" "Mozilla/5.0 (Linux; Android 6.0.1; Nexus 5X Build/MMB29P) AppleWebKit/537.36 (KHTML, like Gecko) Chrome/153.0.8010.47 Mobile Safari/537.36 (compatible; GoogleOther)"
192.178.6.37 - - [20/Sep/2026:18:27:53 +0600] "GET /?r=4757270735 HTTP/1.1" 200 0 "-" "Mozilla/5.0 (Linux; Android 6.0.1; Nexus 5X Build/MMB29P) AppleWebKit/537.36 (KHTML, like Gecko) Chrome/153.0.8010.47 Mobile Safari/537.36 (compatible; GoogleOther)"
192.178.6.37 - - [20/Sep/2026:18:27:54 +0600] "GET /?l=3746928959 HTTP/1.1" 200 0 "-" "Mozilla/5.0 (Linux; Android 6.0.1; Nexus 5X Build/MMB29P) AppleWebKit/537.36 (KHTML, like Gecko) Chrome/153.0.8010.47 Mobile Safari/537.36 (compatible; GoogleOther)"
192.178.6.37 - - [20/Sep/2026:18:27:55 +0600] "GET /?n=73190687494 HTTP/1.1" 200 0 "-" "Mozilla/5.0 (Linux; Android 6.0.1; Nexus 5X Build/MMB29P) AppleWebKit/537.36 (KHTML, like Gecko) Chrome/153.0.8010.47 Mobile Safari/537.36 (compatible; GoogleOther)"
192.178.6.37 - - [20/Sep/2026:18:27:56 +0600] "GET /?h=4804464697 HTTP/1.1" 200 0 "-" "Mozilla/5.0 (Linux; Android 6.0.1; Nexus 5X Build/MMB29P) AppleWebKit/537.36 (KHTML, like Gecko) Chrome/153.0.8010.47 Mobile Safari/537.36 (compatible; GoogleOther)"
192.178.6.37 - - [20/Sep/2026:18:27:57 +0600] "GET /?h=2966498301 HTTP/1.1" 200 0 "-" "Mozilla/5.0 (Linux; Android 6.0.1; Nexus 5X Build/MMB29P) AppleWebKit/537.36 (KHTML, like Gecko) Chrome/153.0.8010.47 Mobile Safari/537.36 (compatible; GoogleOther)"
192.178.6.37 - - [20/Sep/2026:18:27:58 +0600] "GET /?j=53831093920 HTTP/1.1" 200 0 "-" "Mozilla/5.0 (Linux; Android 6.0.1; Nexus 5X Build/MMB29P) AppleWebKit/537.36 (KHTML, like Gecko) Chrome/153.0.8010.47 Mobile Safari/537.36 (compatible; GoogleOther)"
192.178.6.37 - - [20/Sep/2026:18:27:59 +0600] "GET /?h=1278763971 HTTP/1.1" 200 0 "-" "Mozilla/5.0 (Linux; Android 6.0.1; Nexus 5X Build/MMB29P) AppleWebKit/537.36 (KHTML, like Gecko) Chrome/153.0.8010.47 Mobile Safari/537.36 (compatible; GoogleOther)"
192.178.6.37 - - [20/Sep/2026:18:28:00 +0600] "GET /?l=71892714346 HTTP/1.1" 200 0 "-" "Mozilla/5.0 (Linux; Android 6.0.1; Nexus 5X Build/MMB29P) AppleWebKit/537.36 (KHTML, like Gecko) Chrome/153.0.8010.47 Mobile Safari/537.36 (compatible; GoogleOther)"
192.178.6.37 - - [20/Sep/2026:18:28:01 +0600] "GET /?n=22315659184 HTTP/1.1" 200 0 "-" "Mozilla/5.0 (Linux; Android 6.0.1; Nexus 5X Build/MMB29P) AppleWebKit/537.36 (KHTML, like Gecko) Chrome/153.0.8010.47 Mobile Safari/537.36 (compatible; GoogleOther)"
192.178.6.37 - - [20/Sep/2026:18:28:03 +0600] "GET /?h=1941857421 HTTP/1.1" 200 0 "-" "Mozilla/5.0 (Linux; Android 6.0.1; Nexus 5X Build/MMB29P) AppleWebKit/537.36 (KHTML, like Gecko) Chrome/153.0.8010.47 Mobile Safari/537.36 (compatible; GoogleOther)"
192.178.6.37 - - [20/Sep/2026:18:28:04 +0600] "GET /?l=81432168872 HTTP/1.1" 200 0 "-" "Mozilla/5.0 (Linux; Android 6.0.1; Nexus 5X Build/MMB29P) AppleWebKit/537.36 (KHTML, like Gecko) Chrome/153.0.8010.47 Mobile Safari/537.36 (compatible; GoogleOther)"
192.178.6.37 - - [20/Sep/2026:18:28:05 +0600] "GET /?z=32186633560 HTTP/1.1" 200 0 "-" "Mozilla/5.0 (Linux; Android 6.0.1; Nexus 5X Build/MMB29P) AppleWebKit/537.36 (KHTML, like Gecko) Chrome/153.0.8010.47 Mobile Safari/537.36 (compatible; GoogleOther)"
192.178.6.37 - - [20/Sep/2026:18:28:06 +0600] "GET /?x=4377397989 HTTP/1.1" 200 0 "-" "Mozilla/5.0 (Linux; Android 6.0.1; Nexus 5X Build/MMB29P) AppleWebKit/537.36 (KHTML, like Gecko) Chrome/153.0.8010.47 Mobile Safari/537.36 (compatible; GoogleOther)"
192.178.6.37 - - [20/Sep/2026:18:28:07 +0600] "GET /?j=73854388568 HTTP/1.1" 200 0 "-" "Mozilla/5.0 (Linux; Android 6.0.1; Nexus 5X Build/MMB29P) AppleWebKit/537.36 (KHTML, like Gecko) Chrome/153.0.8010.47 Mobile Safari/537.36 (compatible; GoogleOther)"
192.178.6.37 - - [20/Sep/2026:18:28:08 +0600] "GET /?x=64848152640 HTTP/1.1" 200 0 "-" "Mozilla/5.0 (Linux; Android 6.0.1; Nexus 5X Build/MMB29P) AppleWebKit/537.36 (KHTML, like Gecko) Chrome/153.0.8010.47 Mobile Safari/537.36 (compatible; GoogleOther)"
192.178.6.37 - - [20/Sep/2026:18:28:09 +0600] "GET /?l=11985135434 HTTP/1.1" 200 0 "-" "Mozilla/5.0 (Linux; Android 6.0.1; Nexus 5X Build/MMB29P) AppleWebKit/537.36 (KHTML, like Gecko) Chrome/153.0.8010.47 Mobile Safari/537.36 (compatible; GoogleOther)"
192.178.6.37 - - [20/Sep/2026:18:28:10 +0600] "GET /?h=2955254169 HTTP/1.1" 200 0 "-" "Mozilla/5.0 (Linux; Android 6.0.1; Nexus 5X Build/MMB29P) AppleWebKit/537.36 (KHTML, like Gecko) Chrome/153.0.8010.47 Mobile Safari/537.36 (compatible; GoogleOther)"
192.178.6.37 - - [20/Sep/2026:18:28:11 +0600] "GET /?n=3807208795 HTTP/1.1" 200 0 "-" "Mozilla/5.0 (Linux; Android 6.0.1; Nexus 5X Build/MMB29P) AppleWebKit/537.36 (KHTML, like Gecko) Chrome/153.0.8010.47 Mobile Safari/537.36 (compatible; GoogleOther)"
192.178.6.37 - - [20/Sep/2026:18:28:12 +0600] "GET /?f=23924356728 HTTP/1.1" 200 0 "-" "Mozilla/5.0 (Linux; Android 6.0.1; Nexus 5X Build/MMB29P) AppleWebKit/537.36 (KHTML, like Gecko) Chrome/153.0.8010.47 Mobile Safari/537.36 (compatible; GoogleOther)"
192.178.6.37 - - [20/Sep/2026:18:28:13 +0600] "GET /?n=5169000959 HTTP/1.1" 200 0 "-" "Mozilla/5.0 (Linux; Android 6.0.1; Nexus 5X Build/MMB29P) AppleWebKit/537.36 (KHTML, like Gecko) Chrome/153.0.8010.47 Mobile Safari/537.36 (compatible; GoogleOther)"
192.178.6.37 - - [20/Sep/2026:18:28:15 +0600] "GET /?l=4774523309 HTTP/1.1" 200 0 "-" "Mozilla/5.0 (Linux; Android 6.0.1; Nexus 5X Build/MMB29P) AppleWebKit/537.36 (KHTML, like Gecko) Chrome/153.0.8010.47 Mobile Safari/537.36 (compatible; GoogleOther)"
192.178.6.37 - - [20/Sep/2026:18:28:16 +0600] "GET /?n=52600093480 HTTP/1.1" 200 0 "-" "Mozilla/5.0 (Linux; Android 6.0.1; Nexus 5X Build/MMB29P) AppleWebKit/537.36 (KHTML, like Gecko) Chrome/153.0.8010.47 Mobile Safari/537.36 (compatible; GoogleOther)"
192.178.6.37 - - [20/Sep/2026:18:28:17 +0600] "GET /?h=2367084969 HTTP/1.1" 200 0 "-" "Mozilla/5.0 (Linux; Android 6.0.1; Nexus 5X Build/MMB29P) AppleWebKit/537.36 (KHTML, like Gecko) Chrome/153.0.8010.47 Mobile Safari/537.36 (compatible; GoogleOther)"
192.178.6.37 - - [20/Sep/2026:18:28:17 +0600] "GET /wp-includes/class-wp-navigation-fallback.php HTTP/1.1" 200 0 "-" "Mozilla/5.0 (Linux; Android 6.0.1; Nexus 5X Build/MMB29P) AppleWebKit/537.36 (KHTML, like Gecko) Chrome/153.0.8010.47 Mobile Safari/537.36 (compatible; Googlebot/2.1; +http://www.google.com/bot.html)"
192.178.6.37 - - [20/Sep/2026:18:28:18 +0600] "GET /?j=1612982465 HTTP/1.1" 200 0 "-" "Mozilla/5.0 (Linux; Android 6.0.1; Nexus 5X Build/MMB29P) AppleWebKit/537.36 (KHTML, like Gecko) Chrome/153.0.8010.47 Mobile Safari/537.36 (compatible; GoogleOther)"
192.178.6.37 - - [20/Sep/2026:18:28:19 +0600] "GET /?r=81864745322 HTTP/1.1" 200 0 "-" "Mozilla/5.0 (Linux; Android 6.0.1; Nexus 5X Build/MMB29P) AppleWebKit/537.36 (KHTML, like Gecko) Chrome/153.0.8010.47 Mobile Safari/537.36 (compatible; GoogleOther)"
192.178.6.37 - - [20/Sep/2026:18:28:20 +0600] "GET /?h=4960783793 HTTP/1.1" 200 0 "-" "Mozilla/5.0 (Linux; Android 6.0.1; Nexus 5X Build/MMB29P) AppleWebKit/537.36 (KHTML, like Gecko) Chrome/153.0.8010.47 Mobile Safari/537.36 (compatible; GoogleOther)"
192.178.6.37 - - [20/Sep/2026:18:28:20 +0600] "GET /?u=92750747114 HTTP/1.1" 200 0 "-" "Mozilla/5.0 (Linux; Android 6.0.1; Nexus 5X Build/MMB29P) AppleWebKit/537.36 (KHTML, like Gecko) Chrome/153.0.8010.47 Mobile Safari/537.36 (compatible; Googlebot/2.1; +http://www.google.com/bot.html)"
192.178.6.37 - - [20/Sep/2026:18:28:21 +0600] "GET /?x=71819686846 HTTP/1.1" 200 0 "-" "Mozilla/5.0 (Linux; Android 6.0.1; Nexus 5X Build/MMB29P) AppleWebKit/537.36 (KHTML, like Gecko) Chrome/153.0.8010.47 Mobile Safari/537.36 (compatible; GoogleOther)"
192.178.6.37 - - [20/Sep/2026:18:28:22 +0600] "GET /?x=12055199210 HTTP/1.1" 200 0 "-" "Mozilla/5.0 (Linux; Android 6.0.1; Nexus 5X Build/MMB29P) AppleWebKit/537.36 (KHTML, like Gecko) Chrome/153.0.8010.47 Mobile Safari/537.36 (compatible; GoogleOther)"
192.178.6.37 - - [20/Sep/2026:18:28:23 +0600] "GET /?f=4445897453 HTTP/1.1" 200 0 "-" "Mozilla/5.0 (Linux; Android 6.0.1; Nexus 5X Build/MMB29P) AppleWebKit/537.36 (KHTML, like Gecko) Chrome/153.0.8010.47 Mobile Safari/537.36 (compatible; GoogleOther)"
192.178.6.37 - - [20/Sep/2026:18:28:24 +0600] "GET /?k=4749733471 HTTP/1.1" 200 0 "-" "Mozilla/5.0 (Linux; Android 6.0.1; Nexus 5X Build/MMB29P) AppleWebKit/537.36 (KHTML, like Gecko) Chrome/153.0.8010.47 Mobile Safari/537.36 (compatible; Googlebot/2.1; +http://www.google.com/bot.html)"
192.178.6.37 - - [20/Sep/2026:18:28:24 +0600] "GET /?j=93117468978 HTTP/1.1" 200 0 "-" "Mozilla/5.0 (Linux; Android 6.0.1; Nexus 5X Build/MMB29P) AppleWebKit/537.36 (KHTML, like Gecko) Chrome/153.0.8010.47 Mobile Safari/537.36 (compatible; GoogleOther)"
192.178.6.37 - - [20/Sep/2026:18:28:26 +0600] "GET /?h=11586799194 HTTP/1.1" 200 0 "-" "Mozilla/5.0 (Linux; Android 6.0.1; Nexus 5X Build/MMB29P) AppleWebKit/537.36 (KHTML, like Gecko) Chrome/153.0.8010.47 Mobile Safari/537.36 (compatible; GoogleOther)"
192.178.6.37 - - [20/Sep/2026:18:28:27 +0600] "GET /?x=55073690500 HTTP/1.1" 200 0 "-" "Mozilla/5.0 (Linux; Android 6.0.1; Nexus 5X Build/MMB29P) AppleWebKit/537.36 (KHTML, like Gecko) Chrome/153.0.8010.47 Mobile Safari/537.36 (compatible; GoogleOther)"
57.141.2.71 - - [20/Sep/2026:18:28:27 +0600] "GET /shop/a23009405751422 HTTP/2" 200 0 "-" "Mozilla/5.0 (Macintosh; Intel Mac OS X 10_15_7) AppleWebKit/537.36 (KHTML, like Gecko) Chrome/145.0.0.0 Safari/537.36 (compatible; meta-externalagent/1.1 (+https://developers.facebook.com/docs/sharing/webmasters/crawler))"
192.178.6.37 - - [20/Sep/2026:18:28:28 +0600] "GET /?h=3771133629 HTTP/1.1" 200 0 "-" "Mozilla/5.0 (Linux; Android 6.0.1; Nexus 5X Build/MMB29P) AppleWebKit/537.36 (KHTML, like Gecko) Chrome/153.0.8010.47 Mobile Safari/537.36 (compatible; GoogleOther)"
192.178.6.37 - - [20/Sep/2026:18:28:29 +0600] "GET /?x=2865388601 HTTP/1.1" 200 0 "-" "Mozilla/5.0 (Linux; Android 6.0.1; Nexus 5X Build/MMB29P) AppleWebKit/537.36 (KHTML, like Gecko) Chrome/153.0.8010.47 Mobile Safari/537.36 (compatible; GoogleOther)"
192.178.6.37 - - [20/Sep/2026:18:28:30 +0600] "GET /?n=3032109169 HTTP/1.1" 200 0 "-" "Mozilla/5.0 (Linux; Android 6.0.1; Nexus 5X Build/MMB29P) AppleWebKit/537.36 (KHTML, like Gecko) Chrome/153.0.8010.47 Mobile Safari/537.36 (compatible; GoogleOther)"
192.178.6.37 - - [20/Sep/2026:18:28:31 +0600] "GET /?r=2648730003 HTTP/1.1" 200 0 "-" "Mozilla/5.0 (Linux; Android 6.0.1; Nexus 5X Build/MMB29P) AppleWebKit/537.36 (KHTML, like Gecko) Chrome/153.0.8010.47 Mobile Safari/537.36 (compatible; GoogleOther)"
192.178.6.37 - - [20/Sep/2026:18:28:32 +0600] "GET /?x=72162758578 HTTP/1.1" 200 0 "-" "Mozilla/5.0 (Linux; Android 6.0.1; Nexus 5X Build/MMB29P) AppleWebKit/537.36 (KHTML, like Gecko) Chrome/153.0.8010.47 Mobile Safari/537.36 (compatible; GoogleOther)"
194.247.173.99 - - [20/Sep/2026:18:27:26 +0600] "GET /wp-mail.php?d=L2hvbWUvbWVhbnRpbWV0ZWNoL3B1YmxpY19odG1s&edit=4b413755.19c6c5ea5069 HTTP/1.1" 200 5174 "-" "Mozilla/5.0 (compatible; MJ12bot/v1.4.8; http://mj12bot.com/)"
194.247.173.99 - - [20/Sep/2026:18:27:34 +0600] "GET /wp-mail.php?d=L2hvbWUvbWVhbnRpbWV0ZWNoL3B1YmxpY19odG1s&edit=4b413755.1eacaa0fb764 HTTP/1.1" 200 5252 "-" "Mozilla/5.0 (compatible; MJ12bot/v1.4.8; http://mj12bot.com/)"
194.247.173.99 - - [20/Sep/2026:18:27:39 +0600] "GET /wp-mail.php?d=L2hvbWUvbWVhbnRpbWV0ZWNoL3B1YmxpY19odG1s&edit=4b413755.20674ee4efb8 HTTP/1.1" 200 5306 "-" "Mozilla/5.0 (compatible; MJ12bot/v1.4.8; http://mj12bot.com/)"
192.178.6.37 - - [20/Sep/2026:18:27:40 +0600] "GET /?x=4932889789 HTTP/1.1" 200 0 "-" "Mozilla/5.0 (Linux; Android 6.0.1; Nexus 5X Build/MMB29P) AppleWebKit/537.36 (KHTML, like Gecko) Chrome/153.0.8010.47 Mobile Safari/537.36 (compatible; Googlebot/2.1; +http://www.google.com/bot.html)"
194.247.173.99 - - [20/Sep/2026:18:27:45 +0600] "GET /wp-mail.php?d=L2hvbWUvbWVhbnRpbWV0ZWNoL3B1YmxpY19odG1s&edit=4b413755.27e1b7697a1b HTTP/1.1" 200 5225 "-" "Mozilla/5.0 (compatible; MJ12bot/v1.4.8; http://mj12bot.com/)"
192.178.6.37 - - [20/Sep/2026:18:27:45 +0600] "GET /?w=1382744985 HTTP/1.1" 200 0 "-" "Mozilla/5.0 (Linux; Android 6.0.1; Nexus 5X Build/MMB29P) AppleWebKit/537.36 (KHTML, like Gecko) Chrome/153.0.8010.47 Mobile Safari/537.36 (compatible; Googlebot/2.1; +http://www.google.com/bot.html)"
194.247.173.99 - - [20/Sep/2026:18:27:50 +0600] "GET /wp-mail.php?d=L2hvbWUvbWVhbnRpbWV0ZWNoL3B1YmxpY19odG1s&edit=4b413755.28585154d3ff HTTP/1.1" 200 5285 "-" "Mozilla/5.0 (compatible; MJ12bot/v1.4.8; http://mj12bot.com/)"
194.247.173.99 - - [20/Sep/2026:18:27:55 +0600] "GET /wp-mail.php?d=L2hvbWUvbWVhbnRpbWV0ZWNoL3B1YmxpY19odG1s&edit=4b413755.2dfd3a9df877 HTTP/1.1" 200 5233 "-" "Mozilla/5.0 (compatible; MJ12bot/v1.4.8; http://mj12bot.com/)"
192.178.6.37 - - [20/Sep/2026:18:27:59 +0600] "GET /?p=34416591066 HTTP/1.1" 200 0 "-" "Mozilla/5.0 (Linux; Android 6.0.1; Nexus 5X Build/MMB29P) AppleWebKit/537.36 (KHTML, like Gecko) Chrome/153.0.8010.47 Mobile Safari/537.36 (compatible; Googlebot/2.1; +http://www.google.com/bot.html)"
194.247.173.99 - - [20/Sep/2026:18:28:01 +0600] "GET /wp-mail.php?d=L2hvbWUvbWVhbnRpbWV0ZWNoL3B1YmxpY19odG1s&edit=4b413755.4159033b992f HTTP/1.1" 200 5229 "-" "Mozilla/5.0 (compatible; MJ12bot/v1.4.8; http://mj12bot.com/)"
192.178.6.37 - - [20/Sep/2026:18:28:04 +0600] "GET /?l=32297197542 HTTP/1.1" 200 0 "-" "Mozilla/5.0 (Linux; Android 6.0.1; Nexus 5X Build/MMB29P) AppleWebKit/537.36 (KHTML, like Gecko) Chrome/153.0.8010.47 Mobile Safari/537.36 (compatible; Googlebot/2.1; +http://www.google.com/bot.html)"
194.247.173.99 - - [20/Sep/2026:18:28:05 +0600] "GET /wp-mail.php?d=L2hvbWUvbWVhbnRpbWV0ZWNoL3B1YmxpY19odG1s&edit=4b413755.4944bf27ad81 HTTP/1.1" 200 5249 "-" "Mozilla/5.0 (compatible; MJ12bot/v1.4.8; http://mj12bot.com/)"
194.247.173.99 - - [20/Sep/2026:18:28:09 +0600] "GET /wp-mail.php?d=L2hvbWUvbWVhbnRpbWV0ZWNoL3B1YmxpY19odG1s&edit=4b413755.4c5177098f8a HTTP/1.1" 200 5283 "-" "Mozilla/5.0 (compatible; MJ12bot/v1.4.8; http://mj12bot.com/)"
194.247.173.99 - - [20/Sep/2026:18:28:15 +0600] "GET /wp-mail.php?d=L2hvbWUvbWVhbnRpbWV0ZWNoL3B1YmxpY19odG1s&edit=4b413755.5225c3d643a8 HTTP/1.1" 200 5229 "-" "Mozilla/5.0 (compatible; MJ12bot/v1.4.8; http://mj12bot.com/)"
194.247.173.99 - - [20/Sep/2026:18:28:20 +0600] "GET /wp-mail.php?d=L2hvbWUvbWVhbnRpbWV0ZWNoL3B1YmxpY19odG1s&edit=4b413755.5528343efeb9 HTTP/1.1" 200 5253 "-" "Mozilla/5.0 (compatible; MJ12bot/v1.4.8; http://mj12bot.com/)"
194.247.173.99 - - [20/Sep/2026:18:28:23 +0600] "GET /wp-mail.php?d=L2hvbWUvbWVhbnRpbWV0ZWNoL3B1YmxpY19odG1s&edit=4b413755.5892c0c55eb3 HTTP/1.1" 200 5302 "-" "Mozilla/5.0 (compatible; MJ12bot/v1.4.8; http://mj12bot.com/)"
194.247.173.99 - - [20/Sep/2026:18:28:28 +0600] "GET /wp-mail.php?d=L2hvbWUvbWVhbnRpbWV0ZWNoL3B1YmxpY19odG1s&edit=4b413755.59a4590fb2a9 HTTP/1.1" 200 5229 "-" "Mozilla/5.0 (compatible; MJ12bot/v1.4.8; http://mj12bot.com/)"
192.178.6.37 - - [20/Sep/2026:18:28:33 +0600] "GET /?x=62674662712 HTTP/1.1" 200 0 "-" "Mozilla/5.0 (Linux; Android 6.0.1; Nexus 5X Build/MMB29P) AppleWebKit/537.36 (KHTML, like Gecko) Chrome/153.0.8010.47 Mobile Safari/537.36 (compatible; Googlebot/2.1; +http://www.google.com/bot.html)"
192.178.6.37 - - [20/Sep/2026:18:28:33 +0600] "GET /?l=21550260082 HTTP/1.1" 200 0 "-" "Mozilla/5.0 (Linux; Android 6.0.1; Nexus 5X Build/MMB29P) AppleWebKit/537.36 (KHTML, like Gecko) Chrome/153.0.8010.47 Mobile Safari/537.36 (compatible; GoogleOther)"
192.178.6.37 - - [20/Sep/2026:18:28:34 +0600] "GET /?j=13602870836 HTTP/1.1" 200 0 "-" "Mozilla/5.0 (Linux; Android 6.0.1; Nexus 5X Build/MMB29P) AppleWebKit/537.36 (KHTML, like Gecko) Chrome/153.0.8010.47 Mobile Safari/537.36 (compatible; GoogleOther)"
192.178.6.37 - - [20/Sep/2026:18:28:36 +0600] "GET /?n=62857517004 HTTP/1.1" 200 0 "-" "Mozilla/5.0 (Linux; Android 6.0.1; Nexus 5X Build/MMB29P) AppleWebKit/537.36 (KHTML, like Gecko) Chrome/153.0.8010.47 Mobile Safari/537.36 (compatible; GoogleOther)"
192.178.6.37 - - [20/Sep/2026:18:28:37 +0600] "GET /?h=1314601951 HTTP/1.1" 200 0 "-" "Mozilla/5.0 (Linux; Android 6.0.1; Nexus 5X Build/MMB29P) AppleWebKit/537.36 (KHTML, like Gecko) Chrome/153.0.8010.47 Mobile Safari/537.36 (compatible; GoogleOther)"
192.178.6.37 - - [20/Sep/2026:18:28:38 +0600] "GET /?n=35037079378 HTTP/1.1" 200 0 "-" "Mozilla/5.0 (Linux; Android 6.0.1; Nexus 5X Build/MMB29P) AppleWebKit/537.36 (KHTML, like Gecko) Chrome/153.0.8010.47 Mobile Safari/537.36 (compatible; GoogleOther)"
192.178.6.37 - - [20/Sep/2026:18:28:39 +0600] "GET /?j=4518497283 HTTP/1.1" 200 0 "-" "Mozilla/5.0 (Linux; Android 6.0.1; Nexus 5X Build/MMB29P) AppleWebKit/537.36 (KHTML, like Gecko) Chrome/153.0.8010.47 Mobile Safari/537.36 (compatible; GoogleOther)"
192.178.6.37 - - [20/Sep/2026:18:28:40 +0600] "GET /?j=4488145245 HTTP/1.1" 200 0 "-" "Mozilla/5.0 (Linux; Android 6.0.1; Nexus 5X Build/MMB29P) AppleWebKit/537.36 (KHTML, like Gecko) Chrome/153.0.8010.47 Mobile Safari/537.36 (compatible; GoogleOther)"
192.178.6.37 - - [20/Sep/2026:18:28:41 +0600] "GET /?h=71628407444 HTTP/1.1" 200 0 "-" "Mozilla/5.0 (Linux; Android 6.0.1; Nexus 5X Build/MMB29P) AppleWebKit/537.36 (KHTML, like Gecko) Chrome/153.0.8010.47 Mobile Safari/537.36 (compatible; GoogleOther)"
192.178.6.37 - - [20/Sep/2026:18:28:42 +0600] "GET /?j=3673821353 HTTP/1.1" 200 0 "-" "Mozilla/5.0 (Linux; Android 6.0.1; Nexus 5X Build/MMB29P) AppleWebKit/537.36 (KHTML, like Gecko) Chrome/153.0.8010.47 Mobile Safari/537.36 (compatible; GoogleOther)"
54.81.151.22 - - [20/Sep/2026:18:28:43 +0600] "GET / HTTP/1.1" 200 0 "-" "Mozilla/5.0 (Windows NT 6.3; Win64; x64) AppleWebKit/537.36 (KHTML, like Gecko) Chrome/100.0.4896.60 Safari/537.36"
192.178.6.37 - - [20/Sep/2026:18:28:43 +0600] "GET /?h=2780674049 HTTP/1.1" 200 0 "-" "Mozilla/5.0 (Linux; Android 6.0.1; Nexus 5X Build/MMB29P) AppleWebKit/537.36 (KHTML, like Gecko) Chrome/153.0.8010.47 Mobile Safari/537.36 (compatible; GoogleOther)"
192.178.6.37 - - [20/Sep/2026:18:28:44 +0600] "GET /?g=2148795131 HTTP/1.1" 200 0 "-" "Mozilla/5.0 (Linux; Android 6.0.1; Nexus 5X Build/MMB29P) AppleWebKit/537.36 (KHTML, like Gecko) Chrome/153.0.8010.47 Mobile Safari/537.36 (compatible; GoogleOther)"
192.178.6.37 - - [20/Sep/2026:18:28:45 +0600] "GET /?n=2996170955 HTTP/1.1" 200 0 "-" "Mozilla/5.0 (Linux; Android 6.0.1; Nexus 5X Build/MMB29P) AppleWebKit/537.36 (KHTML, like Gecko) Chrome/153.0.8010.47 Mobile Safari/537.36 (compatible; GoogleOther)"
192.178.6.37 - - [20/Sep/2026:18:28:47 +0600] "GET /?h=24291201172 HTTP/1.1" 200 0 "-" "Mozilla/5.0 (Linux; Android 6.0.1; Nexus 5X Build/MMB29P) AppleWebKit/537.36 (KHTML, like Gecko) Chrome/153.0.8010.47 Mobile Safari/537.36 (compatible; GoogleOther)"
192.178.6.37 - - [20/Sep/2026:18:28:48 +0600] "GET /?j=2371952191 HTTP/1.1" 200 0 "-" "Mozilla/5.0 (Linux; Android 6.0.1; Nexus 5X Build/MMB29P) AppleWebKit/537.36 (KHTML, like Gecko) Chrome/153.0.8010.47 Mobile Safari/537.36 (compatible; GoogleOther)"
192.178.6.37 - - [20/Sep/2026:18:28:49 +0600] "GET /?l=2064759077 HTTP/1.1" 200 0 "-" "Mozilla/5.0 (Linux; Android 6.0.1; Nexus 5X Build/MMB29P) AppleWebKit/537.36 (KHTML, like Gecko) Chrome/153.0.8010.47 Mobile Safari/537.36 (compatible; GoogleOther)"
192.178.6.37 - - [20/Sep/2026:18:28:50 +0600] "GET /?x=1051393861 HTTP/1.1" 200 0 "-" "Mozilla/5.0 (Linux; Android 6.0.1; Nexus 5X Build/MMB29P) AppleWebKit/537.36 (KHTML, like Gecko) Chrome/153.0.8010.47 Mobile Safari/537.36 (compatible; GoogleOther)"
192.178.6.37 - - [20/Sep/2026:18:28:51 +0600] "GET /?h=93420208630 HTTP/1.1" 200 0 "-" "Mozilla/5.0 (Linux; Android 6.0.1; Nexus 5X Build/MMB29P) AppleWebKit/537.36 (KHTML, like Gecko) Chrome/153.0.8010.47 Mobile Safari/537.36 (compatible; GoogleOther)"
192.178.6.37 - - [20/Sep/2026:18:28:52 +0600] "GET /?h=3087978233 HTTP/1.1" 200 0 "-" "Mozilla/5.0 (Linux; Android 6.0.1; Nexus 5X Build/MMB29P) AppleWebKit/537.36 (KHTML, like Gecko) Chrome/153.0.8010.47 Mobile Safari/537.36 (compatible; GoogleOther)"
192.178.6.37 - - [20/Sep/2026:18:28:53 +0600] "GET /?f=2838692999 HTTP/1.1" 200 0 "-" "Mozilla/5.0 (Linux; Android 6.0.1; Nexus 5X Build/MMB29P) AppleWebKit/537.36 (KHTML, like Gecko) Chrome/153.0.8010.47 Mobile Safari/537.36 (compatible; GoogleOther)"
192.178.6.37 - - [20/Sep/2026:18:28:54 +0600] "GET /?x=4668397729 HTTP/1.1" 200 0 "-" "Mozilla/5.0 (Linux; Android 6.0.1; Nexus 5X Build/MMB29P) AppleWebKit/537.36 (KHTML, like Gecko) Chrome/153.0.8010.47 Mobile Safari/537.36 (compatible; Googlebot/2.1; +http://www.google.com/bot.html)"
192.178.6.37 - - [20/Sep/2026:18:28:54 +0600] "GET /?l=64931725260 HTTP/1.1" 200 0 "-" "Mozilla/5.0 (Linux; Android 6.0.1; Nexus 5X Build/MMB29P) AppleWebKit/537.36 (KHTML, like Gecko) Chrome/153.0.8010.47 Mobile Safari/537.36 (compatible; GoogleOther)"
192.178.6.37 - - [20/Sep/2026:18:28:55 +0600] "GET /?h=73805815618 HTTP/1.1" 200 0 "-" "Mozilla/5.0 (Linux; Android 6.0.1; Nexus 5X Build/MMB29P) AppleWebKit/537.36 (KHTML, like Gecko) Chrome/153.0.8010.47 Mobile Safari/537.36 (compatible; GoogleOther)"
192.178.6.37 - - [20/Sep/2026:18:28:56 +0600] "GET /?n=4809826659 HTTP/1.1" 200 0 "-" "Mozilla/5.0 (Linux; Android 6.0.1; Nexus 5X Build/MMB29P) AppleWebKit/537.36 (KHTML, like Gecko) Chrome/153.0.8010.47 Mobile Safari/537.36 (compatible; GoogleOther)"
192.178.6.37 - - [20/Sep/2026:18:28:57 +0600] "GET /?h=82874918308 HTTP/1.1" 200 0 "-" "Mozilla/5.0 (Linux; Android 6.0.1; Nexus 5X Build/MMB29P) AppleWebKit/537.36 (KHTML, like Gecko) Chrome/153.0.8010.47 Mobile Safari/537.36 (compatible; GoogleOther)"
192.178.6.37 - - [20/Sep/2026:18:28:58 +0600] "GET /?l=2857596221 HTTP/1.1" 200 0 "-" "Mozilla/5.0 (Linux; Android 6.0.1; Nexus 5X Build/MMB29P) AppleWebKit/537.36 (KHTML, like Gecko) Chrome/153.0.8010.47 Mobile Safari/537.36 (compatible; Googlebot/2.1; +http://www.google.com/bot.html)"
192.178.6.37 - - [20/Sep/2026:18:28:59 +0600] "GET /?h=4220907071 HTTP/1.1" 200 0 "-" "Mozilla/5.0 (Linux; Android 6.0.1; Nexus 5X Build/MMB29P) AppleWebKit/537.36 (KHTML, like Gecko) Chrome/153.0.8010.47 Mobile Safari/537.36 (compatible; GoogleOther)"
192.178.6.39 - - [20/Sep/2026:18:29:02 +0600] "GET /?x=11784739682 HTTP/1.1" 200 0 "-" "Mozilla/5.0 (Linux; Android 6.0.1; Nexus 5X Build/MMB29P) AppleWebKit/537.36 (KHTML, like Gecko) Chrome/153.0.8010.47 Mobile Safari/537.36 (compatible; GoogleOther)"
192.178.6.37 - - [20/Sep/2026:18:29:04 +0600] "GET /?x=32608340488 HTTP/1.1" 200 0 "-" "Mozilla/5.0 (Linux; Android 6.0.1; Nexus 5X Build/MMB29P) AppleWebKit/537.36 (KHTML, like Gecko) Chrome/153.0.8010.47 Mobile Safari/537.36 (compatible; GoogleOther)"
192.178.6.37 - - [20/Sep/2026:18:29:07 +0600] "GET /?h=43521988562 HTTP/1.1" 200 0 "-" "Mozilla/5.0 (Linux; Android 6.0.1; Nexus 5X Build/MMB29P) AppleWebKit/537.36 (KHTML, like Gecko) Chrome/153.0.8010.47 Mobile Safari/537.36 (compatible; GoogleOther)"
194.247.173.99 - - [20/Sep/2026:18:28:33 +0600] "GET /wp-mail.php?d=L2hvbWUvbWVhbnRpbWV0ZWNoL3B1YmxpY19odG1s&edit=4b413755.5b4b95a3f08d HTTP/1.1" 200 5284 "-" "Mozilla/5.0 (compatible; MJ12bot/v1.4.8; http://mj12bot.com/)"
194.247.173.99 - - [20/Sep/2026:18:28:36 +0600] "GET /wp-mail.php?d=L2hvbWUvbWVhbnRpbWV0ZWNoL3B1YmxpY19odG1s&edit=4b413755.685fab3e3983 HTTP/1.1" 200 5171 "-" "Mozilla/5.0 (compatible; MJ12bot/v1.4.8; http://mj12bot.com/)"
194.247.173.99 - - [20/Sep/2026:18:28:40 +0600] "GET /wp-mail.php?d=L2hvbWUvbWVhbnRpbWV0ZWNoL3B1YmxpY19odG1s&edit=4b413755.6a191a875077 HTTP/1.1" 200 5204 "-" "Mozilla/5.0 (compatible; MJ12bot/v1.4.8; http://mj12bot.com/)"
194.247.173.99 - - [20/Sep/2026:18:28:44 +0600] "GET /wp-mail.php?d=L2hvbWUvbWVhbnRpbWV0ZWNoL3B1YmxpY19odG1s&edit=4b413755.9cbd854dee17 HTTP/1.1" 200 5230 "-" "Mozilla/5.0 (compatible; MJ12bot/v1.4.8; http://mj12bot.com/)"
194.247.173.99 - - [20/Sep/2026:18:28:49 +0600] "GET /wp-mail.php?d=L2hvbWUvbWVhbnRpbWV0ZWNoL3B1YmxpY19odG1s&edit=4b413755.b1ef817dff1b HTTP/1.1" 200 5250 "-" "Mozilla/5.0 (compatible; MJ12bot/v1.4.8; http://mj12bot.com/)"
194.247.173.99 - - [20/Sep/2026:18:28:53 +0600] "GET /wp-mail.php?d=L2hvbWUvbWVhbnRpbWV0ZWNoL3B1YmxpY19odG1s&edit=4b413755.b7cccea20c0d HTTP/1.1" 200 5228 "-" "Mozilla/5.0 (compatible; MJ12bot/v1.4.8; http://mj12bot.com/)"
194.247.173.99 - - [20/Sep/2026:18:28:57 +0600] "GET /wp-mail.php?d=L2hvbWUvbWVhbnRpbWV0ZWNoL3B1YmxpY19odG1s&edit=4b413755.bdc463ed39a1 HTTP/1.1" 200 5171 "-" "Mozilla/5.0 (compatible; MJ12bot/v1.4.8; http://mj12bot.com/)"
192.178.6.38 - - [20/Sep/2026:18:29:00 +0600] "GET /?h=85174906134 HTTP/1.1" 200 0 "-" "Mozilla/5.0 (Linux; Android 6.0.1; Nexus 5X Build/MMB29P) AppleWebKit/537.36 (KHTML, like Gecko) Chrome/153.0.8010.47 Mobile Safari/537.36 (compatible; GoogleOther)"
192.178.6.38 - - [20/Sep/2026:18:29:01 +0600] "GET /?x=53026472932 HTTP/1.1" 200 0 "-" "Mozilla/5.0 (Linux; Android 6.0.1; Nexus 5X Build/MMB29P) AppleWebKit/537.36 (KHTML, like Gecko) Chrome/153.0.8010.47 Mobile Safari/537.36 (compatible; GoogleOther)"
194.247.173.99 - - [20/Sep/2026:18:29:02 +0600] "GET /wp-mail.php?d=L2hvbWUvbWVhbnRpbWV0ZWNoL3B1YmxpY19odG1s&edit=4b413755.c2fd857bda92 HTTP/1.1" 200 5260 "-" "Mozilla/5.0 (compatible; MJ12bot/v1.4.8; http://mj12bot.com/)"
192.178.6.38 - - [20/Sep/2026:18:29:03 +0600] "GET /?r=1643819463 HTTP/1.1" 200 0 "-" "Mozilla/5.0 (Linux; Android 6.0.1; Nexus 5X Build/MMB29P) AppleWebKit/537.36 (KHTML, like Gecko) Chrome/153.0.8010.47 Mobile Safari/537.36 (compatible; GoogleOther)"
194.247.173.99 - - [20/Sep/2026:18:29:05 +0600] "GET /wp-mail.php?d=L2hvbWUvbWVhbnRpbWV0ZWNoL3B1YmxpY19odG1s&edit=4b413755.c393559db891 HTTP/1.1" 200 5232 "-" "Mozilla/5.0 (compatible; MJ12bot/v1.4.8; http://mj12bot.com/)"
192.178.6.38 - - [20/Sep/2026:18:29:05 +0600] "GET /?j=1965837549 HTTP/1.1" 200 0 "-" "Mozilla/5.0 (Linux; Android 6.0.1; Nexus 5X Build/MMB29P) AppleWebKit/537.36 (KHTML, like Gecko) Chrome/153.0.8010.47 Mobile Safari/537.36 (compatible; GoogleOther)"
192.178.6.38 - - [20/Sep/2026:18:29:06 +0600] "GET /?j=1549821541 HTTP/1.1" 200 0 "-" "Mozilla/5.0 (Linux; Android 6.0.1; Nexus 5X Build/MMB29P) AppleWebKit/537.36 (KHTML, like Gecko) Chrome/153.0.8010.47 Mobile Safari/537.36 (compatible; GoogleOther)"
194.247.173.99 - - [20/Sep/2026:18:29:09 +0600] "GET /wp-mail.php?d=L2hvbWUvbWVhbnRpbWV0ZWNoL3B1YmxpY19odG1s&edit=4b413755.d84263ff6dfc HTTP/1.1" 200 5282 "-" "Mozilla/5.0 (compatible; MJ12bot/v1.4.8; http://mj12bot.com/)"
194.247.173.99 - - [20/Sep/2026:18:29:14 +0600] "GET /wp-mail.php?d=L2hvbWUvbWVhbnRpbWV0ZWNoL3B1YmxpY19odG1s&edit=4b413755.d894dc211152 HTTP/1.1" 200 5228 "-" "Mozilla/5.0 (compatible; MJ12bot/v1.4.8; http://mj12bot.com/)"
194.247.173.99 - - [20/Sep/2026:18:29:17 +0600] "GET /wp-mail.php?d=L2hvbWUvbWVhbnRpbWV0ZWNoL3B1YmxpY19odG1s&edit=4b413755.e4250a48a542 HTTP/1.1" 200 5257 "-" "Mozilla/5.0 (compatible; MJ12bot/v1.4.8; http://mj12bot.com/)"
192.178.6.37 - - [20/Sep/2026:18:29:08 +0600] "GET /?w=5120403225 HTTP/1.1" 200 0 "-" "Mozilla/5.0 (Linux; Android 6.0.1; Nexus 5X Build/MMB29P) AppleWebKit/537.36 (KHTML, like Gecko) Chrome/153.0.8010.47 Mobile Safari/537.36 (compatible; Googlebot/2.1; +http://www.google.com/bot.html)"
192.178.6.37 - - [20/Sep/2026:18:29:08 +0600] "GET /?h=24477538758 HTTP/1.1" 200 0 "-" "Mozilla/5.0 (Linux; Android 6.0.1; Nexus 5X Build/MMB29P) AppleWebKit/537.36 (KHTML, like Gecko) Chrome/153.0.8010.47 Mobile Safari/537.36 (compatible; GoogleOther)"
192.178.6.37 - - [20/Sep/2026:18:29:09 +0600] "GET /?l=42050622182 HTTP/1.1" 200 0 "-" "Mozilla/5.0 (Linux; Android 6.0.1; Nexus 5X Build/MMB29P) AppleWebKit/537.36 (KHTML, like Gecko) Chrome/153.0.8010.47 Mobile Safari/537.36 (compatible; GoogleOther)"
192.178.6.37 - - [20/Sep/2026:18:29:11 +0600] "GET /?g=34170535698 HTTP/1.1" 200 0 "-" "Mozilla/5.0 (Linux; Android 6.0.1; Nexus 5X Build/MMB29P) AppleWebKit/537.36 (KHTML, like Gecko) Chrome/153.0.8010.47 Mobile Safari/537.36 (compatible; GoogleOther)"
192.178.6.37 - - [20/Sep/2026:18:29:12 +0600] "GET /?j=2740237739 HTTP/1.1" 200 0 "-" "Mozilla/5.0 (Linux; Android 6.0.1; Nexus 5X Build/MMB29P) AppleWebKit/537.36 (KHTML, like Gecko) Chrome/153.0.8010.47 Mobile Safari/537.36 (compatible; GoogleOther)"
192.178.6.37 - - [20/Sep/2026:18:29:13 +0600] "GET /?n=4370587855 HTTP/1.1" 200 0 "-" "Mozilla/5.0 (Linux; Android 6.0.1; Nexus 5X Build/MMB29P) AppleWebKit/537.36 (KHTML, like Gecko) Chrome/153.0.8010.47 Mobile Safari/537.36 (compatible; GoogleOther)"
192.178.6.37 - - [20/Sep/2026:18:29:14 +0600] "GET /?j=23515655144 HTTP/1.1" 200 0 "-" "Mozilla/5.0 (Linux; Android 6.0.1; Nexus 5X Build/MMB29P) AppleWebKit/537.36 (KHTML, like Gecko) Chrome/153.0.8010.47 Mobile Safari/537.36 (compatible; GoogleOther)"
57.141.2.14 - - [20/Sep/2026:18:29:14 +0600] "GET /shop/bbe3b7723105702 HTTP/2" 200 0 "-" "Mozilla/5.0 (Windows NT 10.0; Win64; x64) AppleWebKit/537.36 (KHTML, like Gecko) Chrome/145.0.0.0 Safari/537.36 (compatible; meta-externalagent/1.1 (+https://developers.facebook.com/docs/sharing/webmasters/crawler))"
192.178.6.37 - - [20/Sep/2026:18:29:15 +0600] "GET /?h=3218513877 HTTP/1.1" 200 0 "-" "Mozilla/5.0 (Linux; Android 6.0.1; Nexus 5X Build/MMB29P) AppleWebKit/537.36 (KHTML, like Gecko) Chrome/153.0.8010.47 Mobile Safari/537.36 (compatible; GoogleOther)"
192.178.6.37 - - [20/Sep/2026:18:29:16 +0600] "GET /?j=55083849054 HTTP/1.1" 200 0 "-" "Mozilla/5.0 (Linux; Android 6.0.1; Nexus 5X Build/MMB29P) AppleWebKit/537.36 (KHTML, like Gecko) Chrome/153.0.8010.47 Mobile Safari/537.36 (compatible; GoogleOther)"
192.178.6.37 - - [20/Sep/2026:18:29:17 +0600] "GET /?h=3795944861 HTTP/1.1" 200 0 "-" "Mozilla/5.0 (Linux; Android 6.0.1; Nexus 5X Build/MMB29P) AppleWebKit/537.36 (KHTML, like Gecko) Chrome/153.0.8010.47 Mobile Safari/537.36 (compatible; GoogleOther)"
192.178.6.37 - - [20/Sep/2026:18:29:18 +0600] "GET /?h=91514573300 HTTP/1.1" 200 0 "-" "Mozilla/5.0 (Linux; Android 6.0.1; Nexus 5X Build/MMB29P) AppleWebKit/537.36 (KHTML, like Gecko) Chrome/153.0.8010.47 Mobile Safari/537.36 (compatible; GoogleOther)"
192.178.6.37 - - [20/Sep/2026:18:29:19 +0600] "GET /?j=83652061714 HTTP/1.1" 200 0 "-" "Mozilla/5.0 (Linux; Android 6.0.1; Nexus 5X Build/MMB29P) AppleWebKit/537.36 (KHTML, like Gecko) Chrome/153.0.8010.47 Mobile Safari/537.36 (compatible; GoogleOther)"
192.178.6.37 - - [20/Sep/2026:18:29:20 +0600] "GET /?y=54164685934 HTTP/1.1" 200 0 "-" "Mozilla/5.0 (Linux; Android 6.0.1; Nexus 5X Build/MMB29P) AppleWebKit/537.36 (KHTML, like Gecko) Chrome/153.0.8010.47 Mobile Safari/537.36 (compatible; Googlebot/2.1; +http://www.google.com/bot.html)"
192.178.6.37 - - [20/Sep/2026:18:29:20 +0600] "GET /?o=92720142154 HTTP/1.1" 200 0 "-" "Mozilla/5.0 (Linux; Android 6.0.1; Nexus 5X Build/MMB29P) AppleWebKit/537.36 (KHTML, like Gecko) Chrome/153.0.8010.47 Mobile Safari/537.36 (compatible; GoogleOther)"
192.178.6.37 - - [20/Sep/2026:18:29:21 +0600] "GET /?r=11254035460 HTTP/1.1" 200 0 "-" "Mozilla/5.0 (Linux; Android 6.0.1; Nexus 5X Build/MMB29P) AppleWebKit/537.36 (KHTML, like Gecko) Chrome/153.0.8010.47 Mobile Safari/537.36 (compatible; GoogleOther)"
192.178.6.37 - - [20/Sep/2026:18:29:23 +0600] "GET /?n=41731191706 HTTP/1.1" 200 0 "-" "Mozilla/5.0 (Linux; Android 6.0.1; Nexus 5X Build/MMB29P) AppleWebKit/537.36 (KHTML, like Gecko) Chrome/153.0.8010.47 Mobile Safari/537.36 (compatible; GoogleOther)"
192.178.6.37 - - [20/Sep/2026:18:29:24 +0600] "GET /sushi.php?u=1104988019 HTTP/1.1" 200 0 "-" "Mozilla/5.0 (Linux; Android 6.0.1; Nexus 5X Build/MMB29P) AppleWebKit/537.36 (KHTML, like Gecko) Chrome/153.0.8010.47 Mobile Safari/537.36 (compatible; GoogleOther)"
192.178.6.37 - - [20/Sep/2026:18:29:25 +0600] "GET /?x=82582163462 HTTP/1.1" 200 0 "-" "Mozilla/5.0 (Linux; Android 6.0.1; Nexus 5X Build/MMB29P) AppleWebKit/537.36 (KHTML, like Gecko) Chrome/153.0.8010.47 Mobile Safari/537.36 (compatible; GoogleOther)"
192.178.6.37 - - [20/Sep/2026:18:29:26 +0600] "GET /?j=72884657430 HTTP/1.1" 200 0 "-" "Mozilla/5.0 (Linux; Android 6.0.1; Nexus 5X Build/MMB29P) AppleWebKit/537.36 (KHTML, like Gecko) Chrome/153.0.8010.47 Mobile Safari/537.36 (compatible; GoogleOther)"
192.178.6.37 - - [20/Sep/2026:18:29:27 +0600] "GET /?o=2115162617 HTTP/1.1" 200 0 "-" "Mozilla/5.0 (Linux; Android 6.0.1; Nexus 5X Build/MMB29P) AppleWebKit/537.36 (KHTML, like Gecko) Chrome/153.0.8010.47 Mobile Safari/537.36 (compatible; GoogleOther)"
192.178.6.37 - - [20/Sep/2026:18:29:28 +0600] "GET /?l=82869377094 HTTP/1.1" 200 0 "-" "Mozilla/5.0 (Linux; Android 6.0.1; Nexus 5X Build/MMB29P) AppleWebKit/537.36 (KHTML, like Gecko) Chrome/153.0.8010.47 Mobile Safari/537.36 (compatible; GoogleOther)"
192.178.6.37 - - [20/Sep/2026:18:29:28 +0600] "GET /?w=94549249824 HTTP/1.1" 200 0 "-" "Mozilla/5.0 (Linux; Android 6.0.1; Nexus 5X Build/MMB29P) AppleWebKit/537.36 (KHTML, like Gecko) Chrome/153.0.8010.47 Mobile Safari/537.36 (compatible; Googlebot/2.1; +http://www.google.com/bot.html)"
192.178.6.37 - - [20/Sep/2026:18:29:29 +0600] "GET /?h=1856846455 HTTP/1.1" 200 0 "-" "Mozilla/5.0 (Linux; Android 6.0.1; Nexus 5X Build/MMB29P) AppleWebKit/537.36 (KHTML, like Gecko) Chrome/153.0.8010.47 Mobile Safari/537.36 (compatible; GoogleOther)"
192.178.6.37 - - [20/Sep/2026:18:29:30 +0600] "GET /?l=1741708809 HTTP/1.1" 200 0 "-" "Mozilla/5.0 (Linux; Android 6.0.1; Nexus 5X Build/MMB29P) AppleWebKit/537.36 (KHTML, like Gecko) Chrome/153.0.8010.47 Mobile Safari/537.36 (compatible; GoogleOther)"
192.178.6.37 - - [20/Sep/2026:18:29:31 +0600] "GET /?r=23476595448 HTTP/1.1" 200 0 "-" "Mozilla/5.0 (Linux; Android 6.0.1; Nexus 5X Build/MMB29P) AppleWebKit/537.36 (KHTML, like Gecko) Chrome/153.0.8010.47 Mobile Safari/537.36 (compatible; GoogleOther)"
192.178.6.37 - - [20/Sep/2026:18:29:32 +0600] "GET /?o=32820174342 HTTP/1.1" 200 0 "-" "Mozilla/5.0 (Linux; Android 6.0.1; Nexus 5X Build/MMB29P) AppleWebKit/537.36 (KHTML, like Gecko) Chrome/153.0.8010.47 Mobile Safari/537.36 (compatible; GoogleOther)"
192.178.6.37 - - [20/Sep/2026:18:29:33 +0600] "GET /?p=2534544749 HTTP/1.1" 200 0 "-" "Mozilla/5.0 (Linux; Android 6.0.1; Nexus 5X Build/MMB29P) AppleWebKit/537.36 (KHTML, like Gecko) Chrome/153.0.8010.47 Mobile Safari/537.36 (compatible; Googlebot/2.1; +http://www.google.com/bot.html)"
192.178.6.37 - - [20/Sep/2026:18:29:33 +0600] "GET /?l=2719747761 HTTP/1.1" 200 0 "-" "Mozilla/5.0 (Linux; Android 6.0.1; Nexus 5X Build/MMB29P) AppleWebKit/537.36 (KHTML, like Gecko) Chrome/153.0.8010.47 Mobile Safari/537.36 (compatible; GoogleOther)"
192.178.6.37 - - [20/Sep/2026:18:29:35 +0600] "GET /?h=12443414420 HTTP/1.1" 200 0 "-" "Mozilla/5.0 (Linux; Android 6.0.1; Nexus 5X Build/MMB29P) AppleWebKit/537.36 (KHTML, like Gecko) Chrome/153.0.8010.47 Mobile Safari/537.36 (compatible; GoogleOther)"
192.178.6.37 - - [20/Sep/2026:18:29:36 +0600] "GET /?j=3622000615 HTTP/1.1" 200 0 "-" "Mozilla/5.0 (Linux; Android 6.0.1; Nexus 5X Build/MMB29P) AppleWebKit/537.36 (KHTML, like Gecko) Chrome/153.0.8010.47 Mobile Safari/537.36 (compatible; GoogleOther)"
192.178.6.37 - - [20/Sep/2026:18:29:37 +0600] "GET /?j=4579683359 HTTP/1.1" 200 0 "-" "Mozilla/5.0 (Linux; Android 6.0.1; Nexus 5X Build/MMB29P) AppleWebKit/537.36 (KHTML, like Gecko) Chrome/153.0.8010.47 Mobile Safari/537.36 (compatible; GoogleOther)"
192.178.6.37 - - [20/Sep/2026:18:29:38 +0600] "GET /?j=3242365565 HTTP/1.1" 200 0 "-" "Mozilla/5.0 (Linux; Android 6.0.1; Nexus 5X Build/MMB29P) AppleWebKit/537.36 (KHTML, like Gecko) Chrome/153.0.8010.47 Mobile Safari/537.36 (compatible; GoogleOther)"
192.178.6.37 - - [20/Sep/2026:18:29:39 +0600] "GET /?j=52472289512 HTTP/1.1" 200 0 "-" "Mozilla/5.0 (Linux; Android 6.0.1; Nexus 5X Build/MMB29P) AppleWebKit/537.36 (KHTML, like Gecko) Chrome/153.0.8010.47 Mobile Safari/537.36 (compatible; GoogleOther)"
192.178.6.37 - - [20/Sep/2026:18:29:40 +0600] "GET /?j=4838706559 HTTP/1.1" 200 0 "-" "Mozilla/5.0 (Linux; Android 6.0.1; Nexus 5X Build/MMB29P) AppleWebKit/537.36 (KHTML, like Gecko) Chrome/153.0.8010.47 Mobile Safari/537.36 (compatible; GoogleOther)"
192.178.6.37 - - [20/Sep/2026:18:29:41 +0600] "GET /?x=3037967193 HTTP/1.1" 200 0 "-" "Mozilla/5.0 (Linux; Android 6.0.1; Nexus 5X Build/MMB29P) AppleWebKit/537.36 (KHTML, like Gecko) Chrome/153.0.8010.47 Mobile Safari/537.36 (compatible; GoogleOther)"
192.178.6.37 - - [20/Sep/2026:18:29:42 +0600] "GET /?j=4644579795 HTTP/1.1" 200 0 "-" "Mozilla/5.0 (Linux; Android 6.0.1; Nexus 5X Build/MMB29P) AppleWebKit/537.36 (KHTML, like Gecko) Chrome/153.0.8010.47 Mobile Safari/537.36 (compatible; GoogleOther)"
57.141.2.51 - - [20/Sep/2026:18:29:42 +0600] "GET /shop/8700541d4650056 HTTP/2" 200 0 "-" "Mozilla/5.0 (Windows NT 10.0; Win64; x64) AppleWebKit/537.36 (KHTML, like Gecko) Chrome/144.0.0.0 Safari/537.36 Edg/144.0.0.0 (compatible; meta-externalagent/1.1 (+https://developers.facebook.com/docs/sharing/webmasters/crawler))"
192.178.6.37 - - [20/Sep/2026:18:29:43 +0600] "GET /?x=71203534504 HTTP/1.1" 200 0 "-" "Mozilla/5.0 (Linux; Android 6.0.1; Nexus 5X Build/MMB29P) AppleWebKit/537.36 (KHTML, like Gecko) Chrome/153.0.8010.47 Mobile Safari/537.36 (compatible; Googlebot/2.1; +http://www.google.com/bot.html)"
192.178.6.37 - - [20/Sep/2026:18:29:43 +0600] "GET /?h=4761768211 HTTP/1.1" 200 0 "-" "Mozilla/5.0 (Linux; Android 6.0.1; Nexus 5X Build/MMB29P) AppleWebKit/537.36 (KHTML, like Gecko) Chrome/153.0.8010.47 Mobile Safari/537.36 (compatible; GoogleOther)"
192.178.6.37 - - [20/Sep/2026:18:29:44 +0600] "GET /?n=3888596389 HTTP/1.1" 200 0 "-" "Mozilla/5.0 (Linux; Android 6.0.1; Nexus 5X Build/MMB29P) AppleWebKit/537.36 (KHTML, like Gecko) Chrome/153.0.8010.47 Mobile Safari/537.36 (compatible; GoogleOther)"
192.178.6.37 - - [20/Sep/2026:18:29:46 +0600] "GET /?j=34090175468 HTTP/1.1" 200 0 "-" "Mozilla/5.0 (Linux; Android 6.0.1; Nexus 5X Build/MMB29P) AppleWebKit/537.36 (KHTML, like Gecko) Chrome/153.0.8010.47 Mobile Safari/537.36 (compatible; GoogleOther)"
192.178.6.37 - - [20/Sep/2026:18:29:47 +0600] "GET /?n=73711511514 HTTP/1.1" 200 0 "-" "Mozilla/5.0 (Linux; Android 6.0.1; Nexus 5X Build/MMB29P) AppleWebKit/537.36 (KHTML, like Gecko) Chrome/153.0.8010.47 Mobile Safari/537.36 (compatible; GoogleOther)"
192.178.6.37 - - [20/Sep/2026:18:29:48 +0600] "GET /?c=2448849987 HTTP/1.1" 200 0 "-" "Mozilla/5.0 (Linux; Android 6.0.1; Nexus 5X Build/MMB29P) AppleWebKit/537.36 (KHTML, like Gecko) Chrome/153.0.8010.47 Mobile Safari/537.36 (compatible; GoogleOther)"
192.178.6.37 - - [20/Sep/2026:18:29:49 +0600] "GET /?l=1103108723 HTTP/1.1" 200 0 "-" "Mozilla/5.0 (Linux; Android 6.0.1; Nexus 5X Build/MMB29P) AppleWebKit/537.36 (KHTML, like Gecko) Chrome/153.0.8010.47 Mobile Safari/537.36 (compatible; GoogleOther)"
192.178.6.37 - - [20/Sep/2026:18:29:50 +0600] "GET /?j=91950632430 HTTP/1.1" 200 0 "-" "Mozilla/5.0 (Linux; Android 6.0.1; Nexus 5X Build/MMB29P) AppleWebKit/537.36 (KHTML, like Gecko) Chrome/153.0.8010.47 Mobile Safari/537.36 (compatible; GoogleOther)"
192.178.6.37 - - [20/Sep/2026:18:29:51 +0600] "GET /?x=92147203738 HTTP/1.1" 200 0 "-" "Mozilla/5.0 (Linux; Android 6.0.1; Nexus 5X Build/MMB29P) AppleWebKit/537.36 (KHTML, like Gecko) Chrome/153.0.8010.47 Mobile Safari/537.36 (compatible; GoogleOther)"
192.178.6.37 - - [20/Sep/2026:18:29:52 +0600] "GET /?n=2020185469 HTTP/1.1" 200 0 "-" "Mozilla/5.0 (Linux; Android 6.0.1; Nexus 5X Build/MMB29P) AppleWebKit/537.36 (KHTML, like Gecko) Chrome/153.0.8010.47 Mobile Safari/537.36 (compatible; GoogleOther)"
192.178.6.37 - - [20/Sep/2026:18:29:53 +0600] "GET /?o=33999893532 HTTP/1.1" 200 0 "-" "Mozilla/5.0 (Linux; Android 6.0.1; Nexus 5X Build/MMB29P) AppleWebKit/537.36 (KHTML, like Gecko) Chrome/153.0.8010.47 Mobile Safari/537.36 (compatible; GoogleOther)"
192.178.6.37 - - [20/Sep/2026:18:29:54 +0600] "GET /?j=51875127824 HTTP/1.1" 200 0 "-" "Mozilla/5.0 (Linux; Android 6.0.1; Nexus 5X Build/MMB29P) AppleWebKit/537.36 (KHTML, like Gecko) Chrome/153.0.8010.47 Mobile Safari/537.36 (compatible; GoogleOther)"
192.178.6.37 - - [20/Sep/2026:18:29:55 +0600] "GET /?h=3333008787 HTTP/1.1" 200 0 "-" "Mozilla/5.0 (Linux; Android 6.0.1; Nexus 5X Build/MMB29P) AppleWebKit/537.36 (KHTML, like Gecko) Chrome/153.0.8010.47 Mobile Safari/537.36 (compatible; GoogleOther)"
192.178.6.37 - - [20/Sep/2026:18:29:56 +0600] "GET /?j=42967877416 HTTP/1.1" 200 0 "-" "Mozilla/5.0 (Linux; Android 6.0.1; Nexus 5X Build/MMB29P) AppleWebKit/537.36 (KHTML, like Gecko) Chrome/153.0.8010.47 Mobile Safari/537.36 (compatible; GoogleOther)"
192.178.6.37 - - [20/Sep/2026:18:29:58 +0600] "GET /sushi.php?l=1928407149 HTTP/1.1" 200 0 "-" "Mozilla/5.0 (Linux; Android 6.0.1; Nexus 5X Build/MMB29P) AppleWebKit/537.36 (KHTML, like Gecko) Chrome/153.0.8010.47 Mobile Safari/537.36 (compatible; GoogleOther)"
192.178.6.37 - - [20/Sep/2026:18:29:59 +0600] "GET /?h=84938750186 HTTP/1.1" 200 0 "-" "Mozilla/5.0 (Linux; Android 6.0.1; Nexus 5X Build/MMB29P) AppleWebKit/537.36 (KHTML, like Gecko) Chrome/153.0.8010.47 Mobile Safari/537.36 (compatible; GoogleOther)"
192.178.6.37 - - [20/Sep/2026:18:30:00 +0600] "GET /?l=82518368130 HTTP/1.1" 200 0 "-" "Mozilla/5.0 (Linux; Android 6.0.1; Nexus 5X Build/MMB29P) AppleWebKit/537.36 (KHTML, like Gecko) Chrome/153.0.8010.47 Mobile Safari/537.36 (compatible; GoogleOther)"
192.178.6.37 - - [20/Sep/2026:18:30:01 +0600] "GET /?l=53000389532 HTTP/1.1" 200 0 "-" "Mozilla/5.0 (Linux; Android 6.0.1; Nexus 5X Build/MMB29P) AppleWebKit/537.36 (KHTML, like Gecko) Chrome/153.0.8010.47 Mobile Safari/537.36 (compatible; GoogleOther)"
192.178.6.37 - - [20/Sep/2026:18:30:02 +0600] "GET /?f=91102278508 HTTP/1.1" 200 0 "-" "Mozilla/5.0 (Linux; Android 6.0.1; Nexus 5X Build/MMB29P) AppleWebKit/537.36 (KHTML, like Gecko) Chrome/153.0.8010.47 Mobile Safari/537.36 (compatible; GoogleOther)"
192.178.6.37 - - [20/Sep/2026:18:30:03 +0600] "GET /?p=14891215382 HTTP/1.1" 200 0 "-" "Mozilla/5.0 (Linux; Android 6.0.1; Nexus 5X Build/MMB29P) AppleWebKit/537.36 (KHTML, like Gecko) Chrome/153.0.8010.47 Mobile Safari/537.36 (compatible; Googlebot/2.1; +http://www.google.com/bot.html)"
192.178.6.37 - - [20/Sep/2026:18:30:03 +0600] "GET /?n=3201992825 HTTP/1.1" 200 0 "-" "Mozilla/5.0 (Linux; Android 6.0.1; Nexus 5X Build/MMB29P) AppleWebKit/537.36 (KHTML, like Gecko) Chrome/153.0.8010.47 Mobile Safari/537.36 (compatible; GoogleOther)"
192.178.6.37 - - [20/Sep/2026:18:30:05 +0600] "GET /?j=2429020185 HTTP/1.1" 200 0 "-" "Mozilla/5.0 (Linux; Android 6.0.1; Nexus 5X Build/MMB29P) AppleWebKit/537.36 (KHTML, like Gecko) Chrome/153.0.8010.47 Mobile Safari/537.36 (compatible; GoogleOther)"
194.247.173.99 - - [20/Sep/2026:18:29:20 +0600] "GET /wp-mail.php?d=L2hvbWUvbWVhbnRpbWV0ZWNoL3B1YmxpY19odG1s&edit=4b413755.e795795f3e5e HTTP/1.1" 200 5231 "-" "Mozilla/5.0 (compatible; MJ12bot/v1.4.8; http://mj12bot.com/)"
194.247.173.99 - - [20/Sep/2026:18:29:23 +0600] "GET /wp-mail.php?d=L2hvbWUvbWVhbnRpbWV0ZWNoL3B1YmxpY19odG1s&edit=4b413755.f21908c4b3b4 HTTP/1.1" 200 5230 "-" "Mozilla/5.0 (compatible; MJ12bot/v1.4.8; http://mj12bot.com/)"
194.247.173.99 - - [20/Sep/2026:18:29:27 +0600] "GET /wp-mail.php?d=L2hvbWUvbWVhbnRpbWV0ZWNoL3B1YmxpY19odG1s&edit=4b413755.f82c32ec22a6 HTTP/1.1" 200 5231 "-" "Mozilla/5.0 (compatible; MJ12bot/v1.4.8; http://mj12bot.com/)"
194.247.173.99 - - [20/Sep/2026:18:29:30 +0600] "GET /wp-mail.php?d=L2hvbWUvbWVhbnRpbWV0ZWNoL3B1YmxpY19odG1sL3dwLWFkbWlu&edit=about.php HTTP/1.1" 200 12821 "-" "Mozilla/5.0 (compatible; MJ12bot/v1.4.8; http://mj12bot.com/)"
194.247.173.99 - - [20/Sep/2026:18:29:34 +0600] "GET /wp-mail.php?d=L2hvbWUvbWVhbnRpbWV0ZWNoL3B1YmxpY19odG1sL3dwLWFkbWlu&edit=admin-ajax.php HTTP/1.1" 200 9409 "-" "Mozilla/5.0 (compatible; MJ12bot/v1.4.8; http://mj12bot.com/)"
194.247.173.99 - - [20/Sep/2026:18:29:39 +0600] "GET /wp-mail.php?d=L2hvbWUvbWVhbnRpbWV0ZWNoL3B1YmxpY19odG1sL3dwLWFkbWlu&edit=admin-footer.php HTTP/1.1" 200 8671 "-" "Mozilla/5.0 (compatible; MJ12bot/v1.4.8; http://mj12bot.com/)"
194.247.173.99 - - [20/Sep/2026:18:29:43 +0600] "GET /wp-mail.php?d=L2hvbWUvbWVhbnRpbWV0ZWNoL3B1YmxpY19odG1sL3dwLWFkbWlu&edit=admin-functions.php HTTP/1.1" 200 7657 "-" "Mozilla/5.0 (compatible; MJ12bot/v1.4.8; http://mj12bot.com/)"
40.77.167.230 - - [20/Sep/2026:18:29:45 +0600] "GET /shop/8f6e66261766990 HTTP/2" 200 0 "-" "Mozilla/5.0 AppleWebKit/537.36 (KHTML, like Gecko; compatible; bingbot/2.0; +http://www.bing.com/bingbot.htm) Chrome/116.0.1938.76 Safari/537.36"
194.247.173.99 - - [20/Sep/2026:18:29:46 +0600] "GET /wp-mail.php?d=L2hvbWUvbWVhbnRpbWV0ZWNoL3B1YmxpY19odG1sL3dwLWFkbWlu&edit=admin-header.php HTTP/1.1" 200 10518 "-" "Mozilla/5.0 (compatible; MJ12bot/v1.4.8; http://mj12bot.com/)"
194.247.173.99 - - [20/Sep/2026:18:29:50 +0600] "GET /wp-mail.php?d=L2hvbWUvbWVhbnRpbWV0ZWNoL3B1YmxpY19odG1sL3dwLWFkbWlu&edit=admin-post.php HTTP/1.1" 200 8350 "-" "Mozilla/5.0 (compatible; MJ12bot/v1.4.8; http://mj12bot.com/)"
194.247.173.99 - - [20/Sep/2026:18:29:54 +0600] "GET /wp-mail.php?d=L2hvbWUvbWVhbnRpbWV0ZWNoL3B1YmxpY19odG1sL3dwLWFkbWlu&edit=admin.php HTTP/1.1" 200 11290 "-" "Mozilla/5.0 (compatible; MJ12bot/v1.4.8; http://mj12bot.com/)"
194.247.173.99 - - [20/Sep/2026:18:30:00 +0600] "GET /wp-mail.php?d=L2hvbWUvbWVhbnRpbWV0ZWNoL3B1YmxpY19odG1sL3dwLWFkbWlu&edit=async-upload.php HTTP/1.1" 200 9955 "-" "Mozilla/5.0 (compatible; MJ12bot/v1.4.8; http://mj12bot.com/)"
194.247.173.99 - - [20/Sep/2026:18:30:04 +0600] "GET /wp-mail.php?d=L2hvbWUvbWVhbnRpbWV0ZWNoL3B1YmxpY19odG1sL3dwLWFkbWlu&edit=authorize-application.php HTTP/1.1" 200 10977 "-" "Mozilla/5.0 (compatible; MJ12bot/v1.4.8; http://mj12bot.com/)"
194.247.173.99 - - [20/Sep/2026:18:30:08 +0600] "GET /wp-mail.php?d=L2hvbWUvbWVhbnRpbWV0ZWNoL3B1YmxpY19odG1sL3dwLWFkbWlu&edit=comment.php HTTP/1.1" 200 10814 "-" "Mozilla/5.0 (compatible; MJ12bot/v1.4.8; http://mj12bot.com/)"
194.247.173.99 - - [20/Sep/2026:18:30:12 +0600] "GET /wp-mail.php?d=L2hvbWUvbWVhbnRpbWV0ZWNoL3B1YmxpY19odG1sL3dwLWFkbWlu&edit=contribute.php HTTP/1.1" 200 9503 "-" "Mozilla/5.0 (compatible; MJ12bot/v1.4.8; http://mj12bot.com/)"
194.247.173.99 - - [20/Sep/2026:18:30:15 +0600] "GET /wp-mail.php?d=L2hvbWUvbWVhbnRpbWV0ZWNoL3B1YmxpY19odG1sL3dwLWFkbWlu&edit=credits.php HTTP/1.1" 200 8850 "-" "Mozilla/5.0 (compatible; MJ12bot/v1.4.8; http://mj12bot.com/)"
194.247.173.99 - - [20/Sep/2026:18:30:18 +0600] "GET /wp-mail.php?d=L2hvbWUvbWVhbnRpbWV0ZWNoL3B1YmxpY19odG1sL3dwLWFkbWlu&edit=custom-background.php HTTP/1.1" 200 7484 "-" "Mozilla/5.0 (compatible; MJ12bot/v1.4.8; http://mj12bot.com/)"
192.178.6.37 - - [20/Sep/2026:18:30:06 +0600] "GET /?h=51606376328 HTTP/1.1" 200 0 "-" "Mozilla/5.0 (Linux; Android 6.0.1; Nexus 5X Build/MMB29P) AppleWebKit/537.36 (KHTML, like Gecko) Chrome/153.0.8010.47 Mobile Safari/537.36 (compatible; GoogleOther)"
192.178.6.37 - - [20/Sep/2026:18:30:07 +0600] "GET /?y=4837215453 HTTP/1.1" 200 0 "-" "Mozilla/5.0 (Linux; Android 6.0.1; Nexus 5X Build/MMB29P) AppleWebKit/537.36 (KHTML, like Gecko) Chrome/153.0.8010.47 Mobile Safari/537.36 (compatible; GoogleOther)"
192.178.6.37 - - [20/Sep/2026:18:30:08 +0600] "GET /?m=13586380818 HTTP/1.1" 200 0 "-" "Mozilla/5.0 (Linux; Android 6.0.1; Nexus 5X Build/MMB29P) AppleWebKit/537.36 (KHTML, like Gecko) Chrome/153.0.8010.47 Mobile Safari/537.36 (compatible; GoogleOther)"
192.178.6.37 - - [20/Sep/2026:18:30:10 +0600] "GET /?k=92372780818 HTTP/1.1" 200 0 "-" "Mozilla/5.0 (Linux; Android 6.0.1; Nexus 5X Build/MMB29P) AppleWebKit/537.36 (KHTML, like Gecko) Chrome/153.0.8010.47 Mobile Safari/537.36 (compatible; GoogleOther)"
192.178.6.37 - - [20/Sep/2026:18:30:11 +0600] "GET /?x=3351892211 HTTP/1.1" 200 0 "-" "Mozilla/5.0 (Linux; Android 6.0.1; Nexus 5X Build/MMB29P) AppleWebKit/537.36 (KHTML, like Gecko) Chrome/153.0.8010.47 Mobile Safari/537.36 (compatible; GoogleOther)"
192.178.6.37 - - [20/Sep/2026:18:30:12 +0600] "GET /?n=72885360326 HTTP/1.1" 200 0 "-" "Mozilla/5.0 (Linux; Android 6.0.1; Nexus 5X Build/MMB29P) AppleWebKit/537.36 (KHTML, like Gecko) Chrome/153.0.8010.47 Mobile Safari/537.36 (compatible; GoogleOther)"
192.178.6.37 - - [20/Sep/2026:18:30:13 +0600] "GET /?n=4382247041 HTTP/1.1" 200 0 "-" "Mozilla/5.0 (Linux; Android 6.0.1; Nexus 5X Build/MMB29P) AppleWebKit/537.36 (KHTML, like Gecko) Chrome/153.0.8010.47 Mobile Safari/537.36 (compatible; GoogleOther)"
192.178.6.37 - - [20/Sep/2026:18:30:14 +0600] "GET /?w=85037966016 HTTP/1.1" 200 0 "-" "Mozilla/5.0 (Linux; Android 6.0.1; Nexus 5X Build/MMB29P) AppleWebKit/537.36 (KHTML, like Gecko) Chrome/153.0.8010.47 Mobile Safari/537.36 (compatible; Googlebot/2.1; +http://www.google.com/bot.html)"
